{"id":11,"date":"2021-03-13T13:53:26","date_gmt":"2021-03-13T12:53:26","guid":{"rendered":"http:\/\/www.alicemeyer.fr\/sitewordpress\/?page_id=11"},"modified":"2023-08-21T18:57:38","modified_gmt":"2023-08-21T16:57:38","slug":"a-propos","status":"publish","type":"page","link":"https:\/\/www.alicemeyer.fr\/sitewordpress\/?page_id=11","title":{"rendered":"\u00c0 propos"},"content":{"rendered":"\n<div class=\"wp-block-group\"><div class=\"wp-block-group__inner-container is-layout-flow wp-block-group-is-layout-flow\">\n<div class=\"wp-block-media-text is-stacked-on-mobile is-image-fill\" style=\"grid-template-columns:20% auto\"><figure class=\"wp-block-media-text__media\" style=\"background-image:url(https:\/\/www.alicemeyer.fr\/sitewordpress\/wp-content\/uploads\/2021\/12\/260812273_10159293663570236_8834530487563790031_n-2.jpg);background-position:50% 50%\"><img loading=\"lazy\" decoding=\"async\" width=\"960\" height=\"960\" src=\"https:\/\/www.alicemeyer.fr\/sitewordpress\/wp-content\/uploads\/2021\/12\/260812273_10159293663570236_8834530487563790031_n-2.jpg\" alt=\"\" class=\"wp-image-2554 size-full\" srcset=\"https:\/\/www.alicemeyer.fr\/sitewordpress\/wp-content\/uploads\/2021\/12\/260812273_10159293663570236_8834530487563790031_n-2.jpg 960w, https:\/\/www.alicemeyer.fr\/sitewordpress\/wp-content\/uploads\/2021\/12\/260812273_10159293663570236_8834530487563790031_n-2-300x300.jpg 300w, https:\/\/www.alicemeyer.fr\/sitewordpress\/wp-content\/uploads\/2021\/12\/260812273_10159293663570236_8834530487563790031_n-2-150x150.jpg 150w, https:\/\/www.alicemeyer.fr\/sitewordpress\/wp-content\/uploads\/2021\/12\/260812273_10159293663570236_8834530487563790031_n-2-768x768.jpg 768w\" sizes=\"auto, (max-width: 960px) 100vw, 960px\" \/><\/figure><div class=\"wp-block-media-text__content\">\n<p class=\"wp-block-paragraph\" style=\"font-size:16px\"><em>J&rsquo;ai d\u00e9couvert la photographie au lyc\u00e9e, \u00e0 15 ans. Boulevers\u00e9e par le travail de la lumi\u00e8re et le travail des grands reporters, j&rsquo;ai commenc\u00e9 \u00e0 photographier \u00ab\u00a0comme je respirais\u00a0\u00bb. De la prise de vues au laboratoire traditionnel et num\u00e9rique, j&rsquo;ai continu\u00e9 en \u00e9coles d&rsquo;art puis en master photo \u00e0 d\u00e9velopper ma d\u00e9marche artistique en m&rsquo;int\u00e9ressant aux publics \u00e9loign\u00e9s de l&rsquo;offre culturelle et des personnes \u00e0 besoins sp\u00e9cifiques pour qui l&rsquo;Art pouvait \u00eatre un vecteur d&rsquo;expression, le moyen de constituer un regard critique ou encore un processeur de soin en art-th\u00e9rapie. Progressivement, l&rsquo;Art et la photographie sont devenus des fins mais aussi des moyens de travailler avec les autres, pour les autres.<\/em><\/p>\n<\/div><\/div>\n<\/div><\/div>\n\n\n\n<h2 class=\"wp-block-heading\" style=\"font-size:26px;font-style:normal;font-weight:700\">Formation<\/h2>\n\n\n\n<ul class=\"wp-block-list\">\n<li><strong>2021\/2023 <\/strong>Formation en art-th\u00e9rapie moderne \u00e0 l&rsquo;AFRATAPEM de Tours.<br>+ Formation en photo-th\u00e9rapie (<a rel=\"noreferrer noopener\" href=\"https:\/\/emiliedanchin.be\/psychologie\/formation\" target=\"_blank\">Emilie Danchin<\/a>\u00a0&#8211; \u00a9Analytique Photographique, Bruxelles).<\/li>\n\n\n\n<li><strong>2016\u00a0<\/strong>Certificat de Plasticienne Intervenante,\u00a0CFPI\/HEAR, Strasbourg.<\/li>\n\n\n\n<li><strong>2015\u00a0<\/strong>CAPES d&rsquo;Arts Plastiques (externe).<\/li>\n\n\n\n<li><strong>2011\u00a0<\/strong>Master 2 Professionnel en Art Contemporain et Photographie, Universit\u00e9 Paris 8.<\/li>\n\n\n\n<li><strong>2009\u00a0<\/strong>Certificat professionnel d&rsquo;Infographie Multim\u00e9dia (niveau 3), Afpa de Metz.<\/li>\n\n\n\n<li><strong>2007\u00a0<\/strong>DNSEP option communication, ENSA de Nancy.<\/li>\n\n\n\n<li><strong>2005 <\/strong>DNAP Ecole d&rsquo;Art de lorraine, Metz.<\/li>\n\n\n\n<li><strong>2002\u00a0<\/strong>Baccalaur\u00e9at STI Arts appliqu\u00e9s, Lyc\u00e9e Loritz, Nancy.<\/li>\n<\/ul>\n\n\n\n<h2 class=\"wp-block-heading\" style=\"font-size:26px\">Ils m&rsquo;ont fait confiance<\/h2>\n\n\n\n<p class=\"wp-block-paragraph\">CHRU de Nancy, R\u00e9seau-chu.org, Salon de l&rsquo;APHP, CCAM de Vandoeuvre, \u00e9coles &amp; coll\u00e8ges du 54, Ligue de l&rsquo;enseignement FOL57, Cri des Lumi\u00e8res, entrepreneurs, Artistes, Club Arlequin, Galerie 379, &#8230;<\/p>\n\n\n\n<h2 class=\"wp-block-heading\" style=\"font-size:26px\">Articles<\/h2>\n\n\n\n<div class=\"wp-block-columns is-layout-flex wp-container-core-columns-is-layout-8f761849 wp-block-columns-is-layout-flex\">\n<div class=\"wp-block-column is-layout-flow wp-block-column-is-layout-flow\">\n<figure class=\"wp-block-image size-full\"><img loading=\"lazy\" decoding=\"async\" width=\"854\" height=\"992\" src=\"https:\/\/www.alicemeyer.fr\/sitewordpress\/wp-content\/uploads\/2021\/03\/article_atelier_chu001.jpg\" alt=\"\" class=\"wp-image-70\" srcset=\"https:\/\/www.alicemeyer.fr\/sitewordpress\/wp-content\/uploads\/2021\/03\/article_atelier_chu001.jpg 854w, https:\/\/www.alicemeyer.fr\/sitewordpress\/wp-content\/uploads\/2021\/03\/article_atelier_chu001-258x300.jpg 258w, https:\/\/www.alicemeyer.fr\/sitewordpress\/wp-content\/uploads\/2021\/03\/article_atelier_chu001-768x892.jpg 768w\" sizes=\"auto, (max-width: 854px) 100vw, 854px\" \/><\/figure>\n\n\n\n<figure class=\"wp-block-image size-full\"><img loading=\"lazy\" decoding=\"async\" width=\"600\" height=\"400\" src=\"https:\/\/www.alicemeyer.fr\/sitewordpress\/wp-content\/uploads\/2021\/03\/article1.jpg\" alt=\"\" class=\"wp-image-71\" srcset=\"https:\/\/www.alicemeyer.fr\/sitewordpress\/wp-content\/uploads\/2021\/03\/article1.jpg 600w, https:\/\/www.alicemeyer.fr\/sitewordpress\/wp-content\/uploads\/2021\/03\/article1-300x200.jpg 300w\" sizes=\"auto, (max-width: 600px) 100vw, 600px\" \/><\/figure>\n\n\n\n<figure class=\"wp-block-image size-large\"><img loading=\"lazy\" decoding=\"async\" width=\"1024\" height=\"731\" src=\"https:\/\/www.alicemeyer.fr\/sitewordpress\/wp-content\/uploads\/2021\/03\/blouses_roses001-1024x731.jpg\" alt=\"\" class=\"wp-image-439\" srcset=\"https:\/\/www.alicemeyer.fr\/sitewordpress\/wp-content\/uploads\/2021\/03\/blouses_roses001-1024x731.jpg 1024w, https:\/\/www.alicemeyer.fr\/sitewordpress\/wp-content\/uploads\/2021\/03\/blouses_roses001-300x214.jpg 300w, https:\/\/www.alicemeyer.fr\/sitewordpress\/wp-content\/uploads\/2021\/03\/blouses_roses001-150x107.jpg 150w, https:\/\/www.alicemeyer.fr\/sitewordpress\/wp-content\/uploads\/2021\/03\/blouses_roses001-768x548.jpg 768w, https:\/\/www.alicemeyer.fr\/sitewordpress\/wp-content\/uploads\/2021\/03\/blouses_roses001-1536x1097.jpg 1536w, https:\/\/www.alicemeyer.fr\/sitewordpress\/wp-content\/uploads\/2021\/03\/blouses_roses001-2048x1462.jpg 2048w\" sizes=\"auto, (max-width: 1024px) 100vw, 1024px\" \/><\/figure>\n<\/div>\n\n\n\n<div class=\"wp-block-column is-layout-flow wp-block-column-is-layout-flow\">\n<figure class=\"wp-block-image size-large\"><img loading=\"lazy\" decoding=\"async\" width=\"724\" height=\"1024\" src=\"https:\/\/www.alicemeyer.fr\/sitewordpress\/wp-content\/uploads\/2022\/05\/Proposition-affiche-poetique-de-lespace-1-724x1024.jpg\" alt=\"\" class=\"wp-image-2728\" srcset=\"https:\/\/www.alicemeyer.fr\/sitewordpress\/wp-content\/uploads\/2022\/05\/Proposition-affiche-poetique-de-lespace-1-724x1024.jpg 724w, https:\/\/www.alicemeyer.fr\/sitewordpress\/wp-content\/uploads\/2022\/05\/Proposition-affiche-poetique-de-lespace-1-212x300.jpg 212w, https:\/\/www.alicemeyer.fr\/sitewordpress\/wp-content\/uploads\/2022\/05\/Proposition-affiche-poetique-de-lespace-1-106x150.jpg 106w, https:\/\/www.alicemeyer.fr\/sitewordpress\/wp-content\/uploads\/2022\/05\/Proposition-affiche-poetique-de-lespace-1-768x1086.jpg 768w, https:\/\/www.alicemeyer.fr\/sitewordpress\/wp-content\/uploads\/2022\/05\/Proposition-affiche-poetique-de-lespace-1-1086x1536.jpg 1086w, https:\/\/www.alicemeyer.fr\/sitewordpress\/wp-content\/uploads\/2022\/05\/Proposition-affiche-poetique-de-lespace-1-1448x2048.jpg 1448w, https:\/\/www.alicemeyer.fr\/sitewordpress\/wp-content\/uploads\/2022\/05\/Proposition-affiche-poetique-de-lespace-1-scaled.jpg 1811w\" sizes=\"auto, (max-width: 724px) 100vw, 724px\" \/><\/figure>\n\n\n\n<figure class=\"wp-block-image size-full\"><img loading=\"lazy\" decoding=\"async\" width=\"270\" height=\"567\" src=\"https:\/\/www.alicemeyer.fr\/sitewordpress\/wp-content\/uploads\/2021\/03\/article_nancyfemmes2011.jpg\" alt=\"\" class=\"wp-image-73\" srcset=\"https:\/\/www.alicemeyer.fr\/sitewordpress\/wp-content\/uploads\/2021\/03\/article_nancyfemmes2011.jpg 270w, https:\/\/www.alicemeyer.fr\/sitewordpress\/wp-content\/uploads\/2021\/03\/article_nancyfemmes2011-143x300.jpg 143w\" sizes=\"auto, (max-width: 270px) 100vw, 270px\" \/><\/figure>\n<\/div>\n\n\n\n<div class=\"wp-block-column is-layout-flow wp-block-column-is-layout-flow\">\n<figure class=\"wp-block-image size-full\"><img loading=\"lazy\" decoding=\"async\" width=\"707\" height=\"892\" src=\"https:\/\/www.alicemeyer.fr\/sitewordpress\/wp-content\/uploads\/2022\/05\/2022-04-13-La-poetique-de-lespace-en-preparation-a-Gruber.png\" alt=\"\" class=\"wp-image-2725\" srcset=\"https:\/\/www.alicemeyer.fr\/sitewordpress\/wp-content\/uploads\/2022\/05\/2022-04-13-La-poetique-de-lespace-en-preparation-a-Gruber.png 707w, https:\/\/www.alicemeyer.fr\/sitewordpress\/wp-content\/uploads\/2022\/05\/2022-04-13-La-poetique-de-lespace-en-preparation-a-Gruber-238x300.png 238w, https:\/\/www.alicemeyer.fr\/sitewordpress\/wp-content\/uploads\/2022\/05\/2022-04-13-La-poetique-de-lespace-en-preparation-a-Gruber-119x150.png 119w\" sizes=\"auto, (max-width: 707px) 100vw, 707px\" \/><\/figure>\n\n\n\n<figure class=\"wp-block-image size-full\"><img loading=\"lazy\" decoding=\"async\" width=\"365\" height=\"505\" src=\"https:\/\/www.alicemeyer.fr\/sitewordpress\/wp-content\/uploads\/2021\/03\/article-est-republicain_attention-travaux-alice-meyer_cri-des-lumieres_ecole-des-regards_dec2018.jpg\" alt=\"\" class=\"wp-image-74\" srcset=\"https:\/\/www.alicemeyer.fr\/sitewordpress\/wp-content\/uploads\/2021\/03\/article-est-republicain_attention-travaux-alice-meyer_cri-des-lumieres_ecole-des-regards_dec2018.jpg 365w, https:\/\/www.alicemeyer.fr\/sitewordpress\/wp-content\/uploads\/2021\/03\/article-est-republicain_attention-travaux-alice-meyer_cri-des-lumieres_ecole-des-regards_dec2018-217x300.jpg 217w\" sizes=\"auto, (max-width: 365px) 100vw, 365px\" \/><\/figure>\n<\/div>\n<\/div>\n","protected":false},"excerpt":{"rendered":"<p>\u00e9l\u00e9ments de presse\/biographie\/statut social et professionnel<\/p>\n","protected":false},"author":1,"featured_media":0,"parent":0,"menu_order":0,"comment_status":"closed","ping_status":"closed","template":"","meta":{"_crdt_document":"","footnotes":""},"class_list":["post-11","page","type-page","status-publish","hentry"],"_links":{"self":[{"href":"https:\/\/www.alicemeyer.fr\/sitewordpress\/index.php?rest_route=\/wp\/v2\/pages\/11","targetHints":{"allow":["GET"]}}],"collection":[{"href":"https:\/\/www.alicemeyer.fr\/sitewordpress\/index.php?rest_route=\/wp\/v2\/pages"}],"about":[{"href":"https:\/\/www.alicemeyer.fr\/sitewordpress\/index.php?rest_route=\/wp\/v2\/types\/page"}],"author":[{"embeddable":true,"href":"https:\/\/www.alicemeyer.fr\/sitewordpress\/index.php?rest_route=\/wp\/v2\/users\/1"}],"replies":[{"embeddable":true,"href":"https:\/\/www.alicemeyer.fr\/sitewordpress\/index.php?rest_route=%2Fwp%2Fv2%2Fcomments&post=11"}],"version-history":[{"count":114,"href":"https:\/\/www.alicemeyer.fr\/sitewordpress\/index.php?rest_route=\/wp\/v2\/pages\/11\/revisions"}],"predecessor-version":[{"id":3342,"href":"https:\/\/www.alicemeyer.fr\/sitewordpress\/index.php?rest_route=\/wp\/v2\/pages\/11\/revisions\/3342"}],"wp:attachment":[{"href":"https:\/\/www.alicemeyer.fr\/sitewordpress\/index.php?rest_route=%2Fwp%2Fv2%2Fmedia&parent=11"}],"curies":[{"name":"wp","href":"https:\/\/api.w.org\/{rel}","templated":true}]}}

À propos

<div class="wp-block-group"><div class="wp-block-group__inner-container is-layout-flow wp-block-group-is-layout-flow">
<div class="wp-block-media-text is-stacked-on-mobile is-image-fill" style="grid-template-columns:20% auto"><figure class="wp-block-media-text__media" style="background-image:url(https://www.alicemeyer.fr/sitewordpress/wp-content/uploads/2021/12/260812273_10159293663570236_8834530487563790031_n-2.jpg);background-position:50% 50%"><img loading="lazy" decoding="async" width="960" height="960" src="https://www.alicemeyer.fr/sitewordpress/wp-content/uploads/2021/12/260812273_10159293663570236_8834530487563790031_n-2.jpg" alt="" class="wp-image-2554 size-full" srcset="https://www.alicemeyer.fr/sitewordpress/wp-content/uploads/2021/12/260812273_10159293663570236_8834530487563790031_n-2.jpg 960w, https://www.alicemeyer.fr/sitewordpress/wp-content/uploads/2021/12/260812273_10159293663570236_8834530487563790031_n-2-300x300.jpg 300w, https://www.alicemeyer.fr/sitewordpress/wp-content/uploads/2021/12/260812273_10159293663570236_8834530487563790031_n-2-150x150.jpg 150w, https://www.alicemeyer.fr/sitewordpress/wp-content/uploads/2021/12/260812273_10159293663570236_8834530487563790031_n-2-768x768.jpg 768w" sizes="auto, (max-width: 960px) 100vw, 960px" /></figure><div class="wp-block-media-text__content">
<p class="wp-block-paragraph" style="font-size:16px"><em>J&rsquo;ai découvert la photographie au lycée, à 15 ans. Bouleversée par le travail de la lumière et le travail des grands reporters, j&rsquo;ai commencé à photographier « comme je respirais ». De la prise de vues au laboratoire traditionnel et numérique, j&rsquo;ai continué en écoles d&rsquo;art puis en master photo à développer ma démarche artistique en m&rsquo;intéressant aux publics éloignés de l&rsquo;offre culturelle et des personnes à besoins spécifiques pour qui l&rsquo;Art pouvait être un vecteur d&rsquo;expression, le moyen de constituer un regard critique ou encore un processeur de soin en art-thérapie. Progressivement, l&rsquo;Art et la photographie sont devenus des fins mais aussi des moyens de travailler avec les autres, pour les autres.</em></p>
</div></div>
</div></div>



<h2 class="wp-block-heading" style="font-size:26px;font-style:normal;font-weight:700">Formation</h2>



<ul class="wp-block-list">
<li><strong>2021/2023 </strong>Formation en art-thérapie moderne à l&rsquo;AFRATAPEM de Tours.<br>+ Formation en photo-thérapie (<a rel="noreferrer noopener" href="https://emiliedanchin.be/psychologie/formation" target="_blank">Emilie Danchin</a> &#8211; ©Analytique Photographique, Bruxelles).</li>



<li><strong>2016 </strong>Certificat de Plasticienne Intervenante, CFPI/HEAR, Strasbourg.</li>



<li><strong>2015 </strong>CAPES d&rsquo;Arts Plastiques (externe).</li>



<li><strong>2011 </strong>Master 2 Professionnel en Art Contemporain et Photographie, Université Paris 8.</li>



<li><strong>2009 </strong>Certificat professionnel d&rsquo;Infographie Multimédia (niveau 3), Afpa de Metz.</li>



<li><strong>2007 </strong>DNSEP option communication, ENSA de Nancy.</li>



<li><strong>2005 </strong>DNAP Ecole d&rsquo;Art de lorraine, Metz.</li>



<li><strong>2002 </strong>Baccalauréat STI Arts appliqués, Lycée Loritz, Nancy.</li>
</ul>



<h2 class="wp-block-heading" style="font-size:26px">Ils m&rsquo;ont fait confiance</h2>



<p class="wp-block-paragraph">CHRU de Nancy, Réseau-chu.org, Salon de l&rsquo;APHP, CCAM de Vandoeuvre, écoles &amp; collèges du 54, Ligue de l&rsquo;enseignement FOL57, Cri des Lumières, entrepreneurs, Artistes, Club Arlequin, Galerie 379, &#8230;</p>



<h2 class="wp-block-heading" style="font-size:26px">Articles</h2>



<div class="wp-block-columns is-layout-flex wp-container-core-columns-is-layout-8f761849 wp-block-columns-is-layout-flex">
<div class="wp-block-column is-layout-flow wp-block-column-is-layout-flow">
<figure class="wp-block-image size-full"><img loading="lazy" decoding="async" width="854" height="992" src="https://www.alicemeyer.fr/sitewordpress/wp-content/uploads/2021/03/article_atelier_chu001.jpg" alt="" class="wp-image-70" srcset="https://www.alicemeyer.fr/sitewordpress/wp-content/uploads/2021/03/article_atelier_chu001.jpg 854w, https://www.alicemeyer.fr/sitewordpress/wp-content/uploads/2021/03/article_atelier_chu001-258x300.jpg 258w, https://www.alicemeyer.fr/sitewordpress/wp-content/uploads/2021/03/article_atelier_chu001-768x892.jpg 768w" sizes="auto, (max-width: 854px) 100vw, 854px" /></figure>



<figure class="wp-block-image size-full"><img loading="lazy" decoding="async" width="600" height="400" src="https://www.alicemeyer.fr/sitewordpress/wp-content/uploads/2021/03/article1.jpg" alt="" class="wp-image-71" srcset="https://www.alicemeyer.fr/sitewordpress/wp-content/uploads/2021/03/article1.jpg 600w, https://www.alicemeyer.fr/sitewordpress/wp-content/uploads/2021/03/article1-300x200.jpg 300w" sizes="auto, (max-width: 600px) 100vw, 600px" /></figure>



<figure class="wp-block-image size-large"><img loading="lazy" decoding="async" width="1024" height="731" src="https://www.alicemeyer.fr/sitewordpress/wp-content/uploads/2021/03/blouses_roses001-1024x731.jpg" alt="" class="wp-image-439" srcset="https://www.alicemeyer.fr/sitewordpress/wp-content/uploads/2021/03/blouses_roses001-1024x731.jpg 1024w, https://www.alicemeyer.fr/sitewordpress/wp-content/uploads/2021/03/blouses_roses001-300x214.jpg 300w, https://www.alicemeyer.fr/sitewordpress/wp-content/uploads/2021/03/blouses_roses001-150x107.jpg 150w, https://www.alicemeyer.fr/sitewordpress/wp-content/uploads/2021/03/blouses_roses001-768x548.jpg 768w, https://www.alicemeyer.fr/sitewordpress/wp-content/uploads/2021/03/blouses_roses001-1536x1097.jpg 1536w, https://www.alicemeyer.fr/sitewordpress/wp-content/uploads/2021/03/blouses_roses001-2048x1462.jpg 2048w" sizes="auto, (max-width: 1024px) 100vw, 1024px" /></figure>
</div>



<div class="wp-block-column is-layout-flow wp-block-column-is-layout-flow">
<figure class="wp-block-image size-large"><img loading="lazy" decoding="async" width="724" height="1024" src="https://www.alicemeyer.fr/sitewordpress/wp-content/uploads/2022/05/Proposition-affiche-poetique-de-lespace-1-724x1024.jpg" alt="" class="wp-image-2728" srcset="https://www.alicemeyer.fr/sitewordpress/wp-content/uploads/2022/05/Proposition-affiche-poetique-de-lespace-1-724x1024.jpg 724w, https://www.alicemeyer.fr/sitewordpress/wp-content/uploads/2022/05/Proposition-affiche-poetique-de-lespace-1-212x300.jpg 212w, https://www.alicemeyer.fr/sitewordpress/wp-content/uploads/2022/05/Proposition-affiche-poetique-de-lespace-1-106x150.jpg 106w, https://www.alicemeyer.fr/sitewordpress/wp-content/uploads/2022/05/Proposition-affiche-poetique-de-lespace-1-768x1086.jpg 768w, https://www.alicemeyer.fr/sitewordpress/wp-content/uploads/2022/05/Proposition-affiche-poetique-de-lespace-1-1086x1536.jpg 1086w, https://www.alicemeyer.fr/sitewordpress/wp-content/uploads/2022/05/Proposition-affiche-poetique-de-lespace-1-1448x2048.jpg 1448w, https://www.alicemeyer.fr/sitewordpress/wp-content/uploads/2022/05/Proposition-affiche-poetique-de-lespace-1-scaled.jpg 1811w" sizes="auto, (max-width: 724px) 100vw, 724px" /></figure>



<figure class="wp-block-image size-full"><img loading="lazy" decoding="async" width="270" height="567" src="https://www.alicemeyer.fr/sitewordpress/wp-content/uploads/2021/03/article_nancyfemmes2011.jpg" alt="" class="wp-image-73" srcset="https://www.alicemeyer.fr/sitewordpress/wp-content/uploads/2021/03/article_nancyfemmes2011.jpg 270w, https://www.alicemeyer.fr/sitewordpress/wp-content/uploads/2021/03/article_nancyfemmes2011-143x300.jpg 143w" sizes="auto, (max-width: 270px) 100vw, 270px" /></figure>
</div>



<div class="wp-block-column is-layout-flow wp-block-column-is-layout-flow">
<figure class="wp-block-image size-full"><img loading="lazy" decoding="async" width="707" height="892" src="https://www.alicemeyer.fr/sitewordpress/wp-content/uploads/2022/05/2022-04-13-La-poetique-de-lespace-en-preparation-a-Gruber.png" alt="" class="wp-image-2725" srcset="https://www.alicemeyer.fr/sitewordpress/wp-content/uploads/2022/05/2022-04-13-La-poetique-de-lespace-en-preparation-a-Gruber.png 707w, https://www.alicemeyer.fr/sitewordpress/wp-content/uploads/2022/05/2022-04-13-La-poetique-de-lespace-en-preparation-a-Gruber-238x300.png 238w, https://www.alicemeyer.fr/sitewordpress/wp-content/uploads/2022/05/2022-04-13-La-poetique-de-lespace-en-preparation-a-Gruber-119x150.png 119w" sizes="auto, (max-width: 707px) 100vw, 707px" /></figure>



<figure class="wp-block-image size-full"><img loading="lazy" decoding="async" width="365" height="505" src="https://www.alicemeyer.fr/sitewordpress/wp-content/uploads/2021/03/article-est-republicain_attention-travaux-alice-meyer_cri-des-lumieres_ecole-des-regards_dec2018.jpg" alt="" class="wp-image-74" srcset="https://www.alicemeyer.fr/sitewordpress/wp-content/uploads/2021/03/article-est-republicain_attention-travaux-alice-meyer_cri-des-lumieres_ecole-des-regards_dec2018.jpg 365w, https://www.alicemeyer.fr/sitewordpress/wp-content/uploads/2021/03/article-est-republicain_attention-travaux-alice-meyer_cri-des-lumieres_ecole-des-regards_dec2018-217x300.jpg 217w" sizes="auto, (max-width: 365px) 100vw, 365px" /></figure>
</div>
</div>

<p>éléments de presse/biographie/statut social et professionnel</p>
