{"id":1107,"date":"2021-03-22T16:02:19","date_gmt":"2021-03-22T15:02:19","guid":{"rendered":"https:\/\/www.alicemeyer.fr\/sitewordpress\/?page_id=1107"},"modified":"2021-04-06T22:37:55","modified_gmt":"2021-04-06T20:37:55","slug":"voyage-au-centre-de-ma-chambre","status":"publish","type":"page","link":"https:\/\/www.alicemeyer.fr\/sitewordpress\/?page_id=1107","title":{"rendered":"Voyage au centre de ma chambre"},"content":{"rendered":"\n<p class=\"wp-block-paragraph\" style=\"font-size:14px\">Souhaitant concr\u00e9tiser le souhait d&rsquo;introduire la pratique photographique aupr\u00e8s de patients hospitalis\u00e9s et ne pouvant pas sortir de leur chambre, j&rsquo;ai construit ce dispositif de rencontres autour de ce que pourrait \u00eatre un voyage photographique immobile en 10 images. Ces rencontres ont dur\u00e9 entre 1 et 2 heures et les personnes \u00e0 qui j&rsquo;ai confi\u00e9 l&rsquo;appareil polaro\u00efd n&rsquo;ont pas manqu\u00e9 d&rsquo;id\u00e9es pour rendre compte de leur quotidien en chambre : s\u00e9rie d&rsquo;images mises en sc\u00e8ne ou contenu d&rsquo;un sac qu&rsquo;on vide et qui accompagne chaque hospitalisation, chacun.e. a su se raconter en images et livrer un voyage dans son intimit\u00e9 \u00e0 l&rsquo;h\u00f4pital puisque la chambre d&rsquo;h\u00f4pital est assimil\u00e9e \u00ab\u00a0par la jurisprudence \u00e0 un lieu priv\u00e9\u00a0\u00bb.<br><br><em>Extraits :<\/em><\/p>\n\n\n\n<hr class=\"wp-block-separator is-style-dots\"\/>\n\n\n\n<div class=\"wp-block-columns is-layout-flex wp-container-core-columns-is-layout-8f761849 wp-block-columns-is-layout-flex\">\n<div class=\"wp-block-column is-layout-flow wp-block-column-is-layout-flow\">\n<figure class=\"wp-block-image size-large\"><a href=\"https:\/\/www.alicemeyer.fr\/sitewordpress\/wp-content\/uploads\/2021\/03\/18_Voyageaucentredemachambre_alicemeyer-9-1.jpg\"><img loading=\"lazy\" decoding=\"async\" width=\"467\" height=\"700\" src=\"https:\/\/www.alicemeyer.fr\/sitewordpress\/wp-content\/uploads\/2021\/03\/18_Voyageaucentredemachambre_alicemeyer-9-1.jpg\" alt=\"\" class=\"wp-image-1154\" srcset=\"https:\/\/www.alicemeyer.fr\/sitewordpress\/wp-content\/uploads\/2021\/03\/18_Voyageaucentredemachambre_alicemeyer-9-1.jpg 467w, https:\/\/www.alicemeyer.fr\/sitewordpress\/wp-content\/uploads\/2021\/03\/18_Voyageaucentredemachambre_alicemeyer-9-1-200x300.jpg 200w, https:\/\/www.alicemeyer.fr\/sitewordpress\/wp-content\/uploads\/2021\/03\/18_Voyageaucentredemachambre_alicemeyer-9-1-100x150.jpg 100w\" sizes=\"auto, (max-width: 467px) 100vw, 467px\" \/><\/a><\/figure>\n<\/div>\n\n\n\n<div class=\"wp-block-column is-layout-flow wp-block-column-is-layout-flow\">\n<figure class=\"wp-block-image size-large\"><a href=\"https:\/\/www.alicemeyer.fr\/sitewordpress\/wp-content\/uploads\/2021\/03\/18_txt_vincentC-2.jpg\"><img loading=\"lazy\" decoding=\"async\" width=\"531\" height=\"700\" src=\"https:\/\/www.alicemeyer.fr\/sitewordpress\/wp-content\/uploads\/2021\/03\/18_txt_vincentC-2.jpg\" alt=\"\" class=\"wp-image-1157\" srcset=\"https:\/\/www.alicemeyer.fr\/sitewordpress\/wp-content\/uploads\/2021\/03\/18_txt_vincentC-2.jpg 531w, https:\/\/www.alicemeyer.fr\/sitewordpress\/wp-content\/uploads\/2021\/03\/18_txt_vincentC-2-228x300.jpg 228w, https:\/\/www.alicemeyer.fr\/sitewordpress\/wp-content\/uploads\/2021\/03\/18_txt_vincentC-2-114x150.jpg 114w\" sizes=\"auto, (max-width: 531px) 100vw, 531px\" \/><\/a><\/figure>\n<\/div>\n<\/div>\n\n\n\n<figure class=\"wp-block-gallery columns-3 is-cropped wp-block-gallery-1 is-layout-flex wp-block-gallery-is-layout-flex\"><ul class=\"blocks-gallery-grid\"><li class=\"blocks-gallery-item\"><figure><a href=\"https:\/\/www.alicemeyer.fr\/sitewordpress\/wp-content\/uploads\/2021\/03\/18_voyageaucentredemachambre_VincentC-1.jpg\"><img loading=\"lazy\" decoding=\"async\" width=\"700\" height=\"438\" src=\"https:\/\/www.alicemeyer.fr\/sitewordpress\/wp-content\/uploads\/2021\/03\/18_voyageaucentredemachambre_VincentC-1.jpg\" alt=\"\" data-id=\"1160\" data-full-url=\"https:\/\/www.alicemeyer.fr\/sitewordpress\/wp-content\/uploads\/2021\/03\/18_voyageaucentredemachambre_VincentC-1.jpg\" data-link=\"https:\/\/www.alicemeyer.fr\/sitewordpress\/?attachment_id=1160\" class=\"wp-image-1160\" srcset=\"https:\/\/www.alicemeyer.fr\/sitewordpress\/wp-content\/uploads\/2021\/03\/18_voyageaucentredemachambre_VincentC-1.jpg 700w, https:\/\/www.alicemeyer.fr\/sitewordpress\/wp-content\/uploads\/2021\/03\/18_voyageaucentredemachambre_VincentC-1-300x188.jpg 300w, https:\/\/www.alicemeyer.fr\/sitewordpress\/wp-content\/uploads\/2021\/03\/18_voyageaucentredemachambre_VincentC-1-150x94.jpg 150w\" sizes=\"auto, (max-width: 700px) 100vw, 700px\" \/><\/a><\/figure><\/li><li class=\"blocks-gallery-item\"><figure><a href=\"https:\/\/www.alicemeyer.fr\/sitewordpress\/wp-content\/uploads\/2021\/03\/18_voyageaucentredemachambre_VincentC-2-1.jpg\"><img loading=\"lazy\" decoding=\"async\" width=\"700\" height=\"438\" src=\"https:\/\/www.alicemeyer.fr\/sitewordpress\/wp-content\/uploads\/2021\/03\/18_voyageaucentredemachambre_VincentC-2-1.jpg\" alt=\"\" data-id=\"1161\" data-full-url=\"https:\/\/www.alicemeyer.fr\/sitewordpress\/wp-content\/uploads\/2021\/03\/18_voyageaucentredemachambre_VincentC-2-1.jpg\" data-link=\"https:\/\/www.alicemeyer.fr\/sitewordpress\/?attachment_id=1161\" class=\"wp-image-1161\" srcset=\"https:\/\/www.alicemeyer.fr\/sitewordpress\/wp-content\/uploads\/2021\/03\/18_voyageaucentredemachambre_VincentC-2-1.jpg 700w, https:\/\/www.alicemeyer.fr\/sitewordpress\/wp-content\/uploads\/2021\/03\/18_voyageaucentredemachambre_VincentC-2-1-300x188.jpg 300w, https:\/\/www.alicemeyer.fr\/sitewordpress\/wp-content\/uploads\/2021\/03\/18_voyageaucentredemachambre_VincentC-2-1-150x94.jpg 150w\" sizes=\"auto, (max-width: 700px) 100vw, 700px\" \/><\/a><\/figure><\/li><li class=\"blocks-gallery-item\"><figure><a href=\"https:\/\/www.alicemeyer.fr\/sitewordpress\/wp-content\/uploads\/2021\/03\/18_voyageaucentredemachambre_VincentC-5.jpg\"><img loading=\"lazy\" decoding=\"async\" width=\"700\" height=\"438\" src=\"https:\/\/www.alicemeyer.fr\/sitewordpress\/wp-content\/uploads\/2021\/03\/18_voyageaucentredemachambre_VincentC-5.jpg\" alt=\"\" data-id=\"1162\" data-full-url=\"https:\/\/www.alicemeyer.fr\/sitewordpress\/wp-content\/uploads\/2021\/03\/18_voyageaucentredemachambre_VincentC-5.jpg\" data-link=\"https:\/\/www.alicemeyer.fr\/sitewordpress\/?attachment_id=1162\" class=\"wp-image-1162\" srcset=\"https:\/\/www.alicemeyer.fr\/sitewordpress\/wp-content\/uploads\/2021\/03\/18_voyageaucentredemachambre_VincentC-5.jpg 700w, https:\/\/www.alicemeyer.fr\/sitewordpress\/wp-content\/uploads\/2021\/03\/18_voyageaucentredemachambre_VincentC-5-300x188.jpg 300w, https:\/\/www.alicemeyer.fr\/sitewordpress\/wp-content\/uploads\/2021\/03\/18_voyageaucentredemachambre_VincentC-5-150x94.jpg 150w\" sizes=\"auto, (max-width: 700px) 100vw, 700px\" \/><\/a><\/figure><\/li><\/ul><\/figure>\n\n\n\n<div class=\"wp-block-columns is-layout-flex wp-container-core-columns-is-layout-8f761849 wp-block-columns-is-layout-flex\">\n<div class=\"wp-block-column is-layout-flow wp-block-column-is-layout-flow\">\n<figure class=\"wp-block-image size-large\"><a href=\"https:\/\/www.alicemeyer.fr\/sitewordpress\/wp-content\/uploads\/2021\/03\/MadeleineD_portrait_voyageaucentredemachambre_2014-1.jpg\"><img loading=\"lazy\" decoding=\"async\" width=\"378\" height=\"567\" src=\"https:\/\/www.alicemeyer.fr\/sitewordpress\/wp-content\/uploads\/2021\/03\/MadeleineD_portrait_voyageaucentredemachambre_2014-1.jpg\" alt=\"\" class=\"wp-image-1163\" srcset=\"https:\/\/www.alicemeyer.fr\/sitewordpress\/wp-content\/uploads\/2021\/03\/MadeleineD_portrait_voyageaucentredemachambre_2014-1.jpg 378w, https:\/\/www.alicemeyer.fr\/sitewordpress\/wp-content\/uploads\/2021\/03\/MadeleineD_portrait_voyageaucentredemachambre_2014-1-200x300.jpg 200w, https:\/\/www.alicemeyer.fr\/sitewordpress\/wp-content\/uploads\/2021\/03\/MadeleineD_portrait_voyageaucentredemachambre_2014-1-100x150.jpg 100w\" sizes=\"auto, (max-width: 378px) 100vw, 378px\" \/><\/a><\/figure>\n<\/div>\n\n\n\n<div class=\"wp-block-column is-layout-flow wp-block-column-is-layout-flow\">\n<figure class=\"wp-block-image size-large\"><a href=\"https:\/\/www.alicemeyer.fr\/sitewordpress\/wp-content\/uploads\/2021\/03\/MadeleineD_pola_voyageaucentredemachambre_2014-9.jpg\"><img loading=\"lazy\" decoding=\"async\" width=\"1024\" height=\"641\" src=\"https:\/\/www.alicemeyer.fr\/sitewordpress\/wp-content\/uploads\/2021\/03\/MadeleineD_pola_voyageaucentredemachambre_2014-9-1024x641.jpg\" alt=\"\" class=\"wp-image-1167\" srcset=\"https:\/\/www.alicemeyer.fr\/sitewordpress\/wp-content\/uploads\/2021\/03\/MadeleineD_pola_voyageaucentredemachambre_2014-9-1024x641.jpg 1024w, https:\/\/www.alicemeyer.fr\/sitewordpress\/wp-content\/uploads\/2021\/03\/MadeleineD_pola_voyageaucentredemachambre_2014-9-300x188.jpg 300w, https:\/\/www.alicemeyer.fr\/sitewordpress\/wp-content\/uploads\/2021\/03\/MadeleineD_pola_voyageaucentredemachambre_2014-9-150x94.jpg 150w, https:\/\/www.alicemeyer.fr\/sitewordpress\/wp-content\/uploads\/2021\/03\/MadeleineD_pola_voyageaucentredemachambre_2014-9-768x481.jpg 768w, https:\/\/www.alicemeyer.fr\/sitewordpress\/wp-content\/uploads\/2021\/03\/MadeleineD_pola_voyageaucentredemachambre_2014-9-1536x962.jpg 1536w, https:\/\/www.alicemeyer.fr\/sitewordpress\/wp-content\/uploads\/2021\/03\/MadeleineD_pola_voyageaucentredemachambre_2014-9-2048x1282.jpg 2048w\" sizes=\"auto, (max-width: 1024px) 100vw, 1024px\" \/><\/a><\/figure>\n\n\n\n<figure class=\"wp-block-image size-large\"><a href=\"https:\/\/www.alicemeyer.fr\/sitewordpress\/wp-content\/uploads\/2021\/03\/MadeleineD_pola_voyageaucentredemachambre_2014-4.jpg\"><img loading=\"lazy\" decoding=\"async\" width=\"1024\" height=\"641\" src=\"https:\/\/www.alicemeyer.fr\/sitewordpress\/wp-content\/uploads\/2021\/03\/MadeleineD_pola_voyageaucentredemachambre_2014-4-1024x641.jpg\" alt=\"\" class=\"wp-image-1168\" srcset=\"https:\/\/www.alicemeyer.fr\/sitewordpress\/wp-content\/uploads\/2021\/03\/MadeleineD_pola_voyageaucentredemachambre_2014-4-1024x641.jpg 1024w, https:\/\/www.alicemeyer.fr\/sitewordpress\/wp-content\/uploads\/2021\/03\/MadeleineD_pola_voyageaucentredemachambre_2014-4-300x188.jpg 300w, https:\/\/www.alicemeyer.fr\/sitewordpress\/wp-content\/uploads\/2021\/03\/MadeleineD_pola_voyageaucentredemachambre_2014-4-150x94.jpg 150w, https:\/\/www.alicemeyer.fr\/sitewordpress\/wp-content\/uploads\/2021\/03\/MadeleineD_pola_voyageaucentredemachambre_2014-4-768x481.jpg 768w, https:\/\/www.alicemeyer.fr\/sitewordpress\/wp-content\/uploads\/2021\/03\/MadeleineD_pola_voyageaucentredemachambre_2014-4-1536x962.jpg 1536w, https:\/\/www.alicemeyer.fr\/sitewordpress\/wp-content\/uploads\/2021\/03\/MadeleineD_pola_voyageaucentredemachambre_2014-4-2048x1282.jpg 2048w\" sizes=\"auto, (max-width: 1024px) 100vw, 1024px\" \/><\/a><\/figure>\n<\/div>\n<\/div>\n\n\n\n<figure class=\"wp-block-gallery columns-2 is-cropped wp-block-gallery-2 is-layout-flex wp-block-gallery-is-layout-flex\"><ul class=\"blocks-gallery-grid\"><li class=\"blocks-gallery-item\"><figure><a href=\"https:\/\/www.alicemeyer.fr\/sitewordpress\/wp-content\/uploads\/2021\/03\/polaroids_com003-copie-3-scaled.jpg\"><img loading=\"lazy\" decoding=\"async\" width=\"1024\" height=\"644\" src=\"https:\/\/www.alicemeyer.fr\/sitewordpress\/wp-content\/uploads\/2021\/03\/polaroids_com003-copie-3-1024x644.jpg\" alt=\"\" data-id=\"1164\" data-full-url=\"https:\/\/www.alicemeyer.fr\/sitewordpress\/wp-content\/uploads\/2021\/03\/polaroids_com003-copie-3-scaled.jpg\" data-link=\"https:\/\/www.alicemeyer.fr\/sitewordpress\/?attachment_id=1164\" class=\"wp-image-1164\" srcset=\"https:\/\/www.alicemeyer.fr\/sitewordpress\/wp-content\/uploads\/2021\/03\/polaroids_com003-copie-3-1024x644.jpg 1024w, https:\/\/www.alicemeyer.fr\/sitewordpress\/wp-content\/uploads\/2021\/03\/polaroids_com003-copie-3-300x189.jpg 300w, https:\/\/www.alicemeyer.fr\/sitewordpress\/wp-content\/uploads\/2021\/03\/polaroids_com003-copie-3-150x94.jpg 150w, https:\/\/www.alicemeyer.fr\/sitewordpress\/wp-content\/uploads\/2021\/03\/polaroids_com003-copie-3-768x483.jpg 768w, https:\/\/www.alicemeyer.fr\/sitewordpress\/wp-content\/uploads\/2021\/03\/polaroids_com003-copie-3-1536x967.jpg 1536w, https:\/\/www.alicemeyer.fr\/sitewordpress\/wp-content\/uploads\/2021\/03\/polaroids_com003-copie-3-2048x1289.jpg 2048w\" sizes=\"auto, (max-width: 1024px) 100vw, 1024px\" \/><\/a><\/figure><\/li><li class=\"blocks-gallery-item\"><figure><a href=\"https:\/\/www.alicemeyer.fr\/sitewordpress\/wp-content\/uploads\/2021\/03\/polaroids_com003-copie-31-scaled.jpg\"><img loading=\"lazy\" decoding=\"async\" width=\"1024\" height=\"637\" src=\"https:\/\/www.alicemeyer.fr\/sitewordpress\/wp-content\/uploads\/2021\/03\/polaroids_com003-copie-31-1024x637.jpg\" alt=\"\" data-id=\"1170\" data-full-url=\"https:\/\/www.alicemeyer.fr\/sitewordpress\/wp-content\/uploads\/2021\/03\/polaroids_com003-copie-31-scaled.jpg\" data-link=\"https:\/\/www.alicemeyer.fr\/sitewordpress\/?attachment_id=1170\" class=\"wp-image-1170\" srcset=\"https:\/\/www.alicemeyer.fr\/sitewordpress\/wp-content\/uploads\/2021\/03\/polaroids_com003-copie-31-1024x637.jpg 1024w, https:\/\/www.alicemeyer.fr\/sitewordpress\/wp-content\/uploads\/2021\/03\/polaroids_com003-copie-31-300x187.jpg 300w, https:\/\/www.alicemeyer.fr\/sitewordpress\/wp-content\/uploads\/2021\/03\/polaroids_com003-copie-31-150x93.jpg 150w, https:\/\/www.alicemeyer.fr\/sitewordpress\/wp-content\/uploads\/2021\/03\/polaroids_com003-copie-31-768x478.jpg 768w, https:\/\/www.alicemeyer.fr\/sitewordpress\/wp-content\/uploads\/2021\/03\/polaroids_com003-copie-31-1536x956.jpg 1536w, https:\/\/www.alicemeyer.fr\/sitewordpress\/wp-content\/uploads\/2021\/03\/polaroids_com003-copie-31-2048x1274.jpg 2048w\" sizes=\"auto, (max-width: 1024px) 100vw, 1024px\" \/><\/a><\/figure><\/li><\/ul><\/figure>\n\n\n\n<div class=\"wp-block-columns is-layout-flex wp-container-core-columns-is-layout-8f761849 wp-block-columns-is-layout-flex\">\n<div class=\"wp-block-column is-layout-flow wp-block-column-is-layout-flow\">\n<figure class=\"wp-block-image size-large\"><a href=\"https:\/\/www.alicemeyer.fr\/sitewordpress\/wp-content\/uploads\/2021\/03\/MadeleineD_pola_voyageaucentredemachambre_2014-3-1.jpg\"><img loading=\"lazy\" decoding=\"async\" width=\"1024\" height=\"641\" src=\"https:\/\/www.alicemeyer.fr\/sitewordpress\/wp-content\/uploads\/2021\/03\/MadeleineD_pola_voyageaucentredemachambre_2014-3-1-1024x641.jpg\" alt=\"\" class=\"wp-image-1175\" srcset=\"https:\/\/www.alicemeyer.fr\/sitewordpress\/wp-content\/uploads\/2021\/03\/MadeleineD_pola_voyageaucentredemachambre_2014-3-1-1024x641.jpg 1024w, https:\/\/www.alicemeyer.fr\/sitewordpress\/wp-content\/uploads\/2021\/03\/MadeleineD_pola_voyageaucentredemachambre_2014-3-1-300x188.jpg 300w, https:\/\/www.alicemeyer.fr\/sitewordpress\/wp-content\/uploads\/2021\/03\/MadeleineD_pola_voyageaucentredemachambre_2014-3-1-150x94.jpg 150w, https:\/\/www.alicemeyer.fr\/sitewordpress\/wp-content\/uploads\/2021\/03\/MadeleineD_pola_voyageaucentredemachambre_2014-3-1-768x481.jpg 768w, https:\/\/www.alicemeyer.fr\/sitewordpress\/wp-content\/uploads\/2021\/03\/MadeleineD_pola_voyageaucentredemachambre_2014-3-1-1536x962.jpg 1536w, https:\/\/www.alicemeyer.fr\/sitewordpress\/wp-content\/uploads\/2021\/03\/MadeleineD_pola_voyageaucentredemachambre_2014-3-1-2048x1282.jpg 2048w\" sizes=\"auto, (max-width: 1024px) 100vw, 1024px\" \/><\/a><\/figure>\n<\/div>\n\n\n\n<div class=\"wp-block-column is-layout-flow wp-block-column-is-layout-flow\">\n<figure class=\"wp-block-image size-large\"><a href=\"https:\/\/www.alicemeyer.fr\/sitewordpress\/wp-content\/uploads\/2021\/03\/MadeleineD_pola_voyageaucentredemachambre_2014-5-1.jpg\"><img loading=\"lazy\" decoding=\"async\" width=\"1024\" height=\"641\" src=\"https:\/\/www.alicemeyer.fr\/sitewordpress\/wp-content\/uploads\/2021\/03\/MadeleineD_pola_voyageaucentredemachambre_2014-5-1-1024x641.jpg\" alt=\"\" class=\"wp-image-1176\" srcset=\"https:\/\/www.alicemeyer.fr\/sitewordpress\/wp-content\/uploads\/2021\/03\/MadeleineD_pola_voyageaucentredemachambre_2014-5-1-1024x641.jpg 1024w, https:\/\/www.alicemeyer.fr\/sitewordpress\/wp-content\/uploads\/2021\/03\/MadeleineD_pola_voyageaucentredemachambre_2014-5-1-300x188.jpg 300w, https:\/\/www.alicemeyer.fr\/sitewordpress\/wp-content\/uploads\/2021\/03\/MadeleineD_pola_voyageaucentredemachambre_2014-5-1-150x94.jpg 150w, https:\/\/www.alicemeyer.fr\/sitewordpress\/wp-content\/uploads\/2021\/03\/MadeleineD_pola_voyageaucentredemachambre_2014-5-1-768x481.jpg 768w, https:\/\/www.alicemeyer.fr\/sitewordpress\/wp-content\/uploads\/2021\/03\/MadeleineD_pola_voyageaucentredemachambre_2014-5-1-1536x962.jpg 1536w, https:\/\/www.alicemeyer.fr\/sitewordpress\/wp-content\/uploads\/2021\/03\/MadeleineD_pola_voyageaucentredemachambre_2014-5-1-2048x1282.jpg 2048w\" sizes=\"auto, (max-width: 1024px) 100vw, 1024px\" \/><\/a><\/figure>\n\n\n\n<div class=\"wp-block-columns is-layout-flex wp-container-core-columns-is-layout-8f761849 wp-block-columns-is-layout-flex\">\n<div class=\"wp-block-column is-layout-flow wp-block-column-is-layout-flow\"><\/div>\n\n\n\n<div class=\"wp-block-column is-layout-flow wp-block-column-is-layout-flow\"><\/div>\n<\/div>\n<\/div>\n<\/div>\n","protected":false},"excerpt":{"rendered":"<p>Souhaitant concr\u00e9tiser le souhait d&rsquo;introduire la pratique photographique aupr\u00e8s de patients hospitalis\u00e9s et ne pouvant pas sortir de leur chambre, j&rsquo;ai construit ce dispositif de [&hellip;]<\/p>\n","protected":false},"author":1,"featured_media":0,"parent":0,"menu_order":0,"comment_status":"closed","ping_status":"closed","template":"","meta":{"_crdt_document":"","footnotes":""},"class_list":["post-1107","page","type-page","status-publish","hentry"],"_links":{"self":[{"href":"https:\/\/www.alicemeyer.fr\/sitewordpress\/index.php?rest_route=\/wp\/v2\/pages\/1107","targetHints":{"allow":["GET"]}}],"collection":[{"href":"https:\/\/www.alicemeyer.fr\/sitewordpress\/index.php?rest_route=\/wp\/v2\/pages"}],"about":[{"href":"https:\/\/www.alicemeyer.fr\/sitewordpress\/index.php?rest_route=\/wp\/v2\/types\/page"}],"author":[{"embeddable":true,"href":"https:\/\/www.alicemeyer.fr\/sitewordpress\/index.php?rest_route=\/wp\/v2\/users\/1"}],"replies":[{"embeddable":true,"href":"https:\/\/www.alicemeyer.fr\/sitewordpress\/index.php?rest_route=%2Fwp%2Fv2%2Fcomments&post=1107"}],"version-history":[{"count":12,"href":"https:\/\/www.alicemeyer.fr\/sitewordpress\/index.php?rest_route=\/wp\/v2\/pages\/1107\/revisions"}],"predecessor-version":[{"id":1719,"href":"https:\/\/www.alicemeyer.fr\/sitewordpress\/index.php?rest_route=\/wp\/v2\/pages\/1107\/revisions\/1719"}],"wp:attachment":[{"href":"https:\/\/www.alicemeyer.fr\/sitewordpress\/index.php?rest_route=%2Fwp%2Fv2%2Fmedia&parent=1107"}],"curies":[{"name":"wp","href":"https:\/\/api.w.org\/{rel}","templated":true}]}}