{"id":2678,"date":"2022-02-27T16:45:45","date_gmt":"2022-02-27T15:45:45","guid":{"rendered":"https:\/\/www.alicemeyer.fr\/sitewordpress\/?page_id=2678"},"modified":"2023-05-31T21:11:01","modified_gmt":"2023-05-31T19:11:01","slug":"visages-de-la-ruralite","status":"publish","type":"page","link":"https:\/\/www.alicemeyer.fr\/sitewordpress\/?page_id=2678","title":{"rendered":"Visages de la ruralit\u00e9"},"content":{"rendered":"\n<div class=\"wp-block-media-text is-stacked-on-mobile\" style=\"grid-template-columns:18% auto\"><figure class=\"wp-block-media-text__media\"><img loading=\"lazy\" decoding=\"async\" width=\"300\" height=\"300\" src=\"https:\/\/www.alicemeyer.fr\/sitewordpress\/wp-content\/uploads\/2023\/05\/livre-visages-de-la-ruralite.png\" alt=\"\" class=\"wp-image-3040 size-full\" srcset=\"https:\/\/www.alicemeyer.fr\/sitewordpress\/wp-content\/uploads\/2023\/05\/livre-visages-de-la-ruralite.png 300w, https:\/\/www.alicemeyer.fr\/sitewordpress\/wp-content\/uploads\/2023\/05\/livre-visages-de-la-ruralite-150x150.png 150w\" sizes=\"auto, (max-width: 300px) 100vw, 300px\" \/><\/figure><div class=\"wp-block-media-text__content\">\n<p class=\"has-text-align-left wp-block-paragraph\" style=\"font-size:14px\"><a href=\"\"><\/a>Les r\u00e9sidences et ateliers autour de la th\u00e9matique \u00ab\u00a0Visages de la ruralit\u00e9\u00a0\u00bb ont \u00e9t\u00e9 men\u00e9s sur le territoire Lun\u00e9villois majoritairement rural sur plusieurs mois par plusieurs photographes \u00e0 l\u2019initiative du <a rel=\"noreferrer noopener\" href=\"https:\/\/www.crideslumieres.org\/diffusion\/parution-livre-visages-de-la-ruralite.html\" target=\"_blank\">Cri des Lumi\u00e8res<\/a>. <\/p>\n\n\n\n<p class=\"has-text-align-left wp-block-paragraph\" style=\"font-size:14px\">Le livre \u00ab\u00a0Visages de la ruralit\u00e9\u00a0\u00bb restitue les r\u00e9sidences et ateliers men\u00e9es.<\/p>\n\n\n\n<p class=\"has-text-align-left wp-block-paragraph\" style=\"font-size:14px\">J\u2019ai ainsi pu mener un des ateliers dans une classe unique \u00e0 deux niveaux dans la commune d\u2019Emberm\u00e9nil. J\u2019ai propos\u00e9 un travail autour de LEUR TERRITOIRE r\u00eav\u00e9, construit \u00e0 partir de prises de vues r\u00e9alis\u00e9es dans plusieurs lieux alentour, d\u2019un questionnaire, de dessins. Au collage final r\u00e9pond une carte dessin\u00e9e de ce territoire.<\/p>\n\n\n\n<p class=\"has-text-align-left wp-block-paragraph\" style=\"font-size:14px\">Extraits.<\/p>\n<\/div><\/div>\n\n\n\n<figure class=\"wp-block-gallery has-nested-images columns-default is-cropped wp-block-gallery-1 is-layout-flex wp-block-gallery-is-layout-flex\">\n<figure class=\"wp-block-image size-large\"><img loading=\"lazy\" decoding=\"async\" width=\"850\" height=\"567\" data-id=\"3043\" src=\"https:\/\/www.alicemeyer.fr\/sitewordpress\/wp-content\/uploads\/2023\/05\/phototherapie-ecole_copyright_alice-meyer.jpg\" alt=\"\" class=\"wp-image-3043\" srcset=\"https:\/\/www.alicemeyer.fr\/sitewordpress\/wp-content\/uploads\/2023\/05\/phototherapie-ecole_copyright_alice-meyer.jpg 850w, https:\/\/www.alicemeyer.fr\/sitewordpress\/wp-content\/uploads\/2023\/05\/phototherapie-ecole_copyright_alice-meyer-300x200.jpg 300w, https:\/\/www.alicemeyer.fr\/sitewordpress\/wp-content\/uploads\/2023\/05\/phototherapie-ecole_copyright_alice-meyer-150x100.jpg 150w, https:\/\/www.alicemeyer.fr\/sitewordpress\/wp-content\/uploads\/2023\/05\/phototherapie-ecole_copyright_alice-meyer-768x512.jpg 768w\" sizes=\"auto, (max-width: 850px) 100vw, 850px\" \/><\/figure>\n\n\n\n<figure class=\"wp-block-image size-large\"><img loading=\"lazy\" decoding=\"async\" width=\"850\" height=\"567\" data-id=\"3045\" src=\"https:\/\/www.alicemeyer.fr\/sitewordpress\/wp-content\/uploads\/2023\/05\/phototherapie-ecole02_copyright_alice-meyer.jpg\" alt=\"\" class=\"wp-image-3045\" srcset=\"https:\/\/www.alicemeyer.fr\/sitewordpress\/wp-content\/uploads\/2023\/05\/phototherapie-ecole02_copyright_alice-meyer.jpg 850w, https:\/\/www.alicemeyer.fr\/sitewordpress\/wp-content\/uploads\/2023\/05\/phototherapie-ecole02_copyright_alice-meyer-300x200.jpg 300w, https:\/\/www.alicemeyer.fr\/sitewordpress\/wp-content\/uploads\/2023\/05\/phototherapie-ecole02_copyright_alice-meyer-150x100.jpg 150w, https:\/\/www.alicemeyer.fr\/sitewordpress\/wp-content\/uploads\/2023\/05\/phototherapie-ecole02_copyright_alice-meyer-768x512.jpg 768w\" sizes=\"auto, (max-width: 850px) 100vw, 850px\" \/><\/figure>\n\n\n\n<figure class=\"wp-block-image size-large\"><img loading=\"lazy\" decoding=\"async\" width=\"850\" height=\"567\" data-id=\"3044\" src=\"https:\/\/www.alicemeyer.fr\/sitewordpress\/wp-content\/uploads\/2023\/05\/phototherapie-ecole03_copyright_alice-meyer.jpg\" alt=\"\" class=\"wp-image-3044\" srcset=\"https:\/\/www.alicemeyer.fr\/sitewordpress\/wp-content\/uploads\/2023\/05\/phototherapie-ecole03_copyright_alice-meyer.jpg 850w, https:\/\/www.alicemeyer.fr\/sitewordpress\/wp-content\/uploads\/2023\/05\/phototherapie-ecole03_copyright_alice-meyer-300x200.jpg 300w, https:\/\/www.alicemeyer.fr\/sitewordpress\/wp-content\/uploads\/2023\/05\/phototherapie-ecole03_copyright_alice-meyer-150x100.jpg 150w, https:\/\/www.alicemeyer.fr\/sitewordpress\/wp-content\/uploads\/2023\/05\/phototherapie-ecole03_copyright_alice-meyer-768x512.jpg 768w\" sizes=\"auto, (max-width: 850px) 100vw, 850px\" \/><\/figure>\n<\/figure>\n\n\n\n<div class=\"wp-block-columns is-layout-flex wp-container-core-columns-is-layout-8f761849 wp-block-columns-is-layout-flex\">\n<div class=\"wp-block-column is-layout-flow wp-block-column-is-layout-flow\" style=\"flex-basis:25%\">\n<figure class=\"wp-block-image size-large\"><img loading=\"lazy\" decoding=\"async\" width=\"1024\" height=\"724\" src=\"https:\/\/www.alicemeyer.fr\/sitewordpress\/wp-content\/uploads\/2023\/05\/collage_thomas-1024x724.jpg\" alt=\"\" class=\"wp-image-3132\" srcset=\"https:\/\/www.alicemeyer.fr\/sitewordpress\/wp-content\/uploads\/2023\/05\/collage_thomas-1024x724.jpg 1024w, https:\/\/www.alicemeyer.fr\/sitewordpress\/wp-content\/uploads\/2023\/05\/collage_thomas-300x212.jpg 300w, https:\/\/www.alicemeyer.fr\/sitewordpress\/wp-content\/uploads\/2023\/05\/collage_thomas-150x106.jpg 150w, https:\/\/www.alicemeyer.fr\/sitewordpress\/wp-content\/uploads\/2023\/05\/collage_thomas-768x543.jpg 768w, https:\/\/www.alicemeyer.fr\/sitewordpress\/wp-content\/uploads\/2023\/05\/collage_thomas-1536x1086.jpg 1536w, https:\/\/www.alicemeyer.fr\/sitewordpress\/wp-content\/uploads\/2023\/05\/collage_thomas-2048x1448.jpg 2048w\" sizes=\"auto, (max-width: 1024px) 100vw, 1024px\" \/><\/figure>\n\n\n\n<figure class=\"wp-block-image size-large\"><img loading=\"lazy\" decoding=\"async\" width=\"1024\" height=\"724\" src=\"https:\/\/www.alicemeyer.fr\/sitewordpress\/wp-content\/uploads\/2023\/05\/cartedessin_thomas_LD-1-1024x724.jpg\" alt=\"\" class=\"wp-image-3137\" srcset=\"https:\/\/www.alicemeyer.fr\/sitewordpress\/wp-content\/uploads\/2023\/05\/cartedessin_thomas_LD-1-1024x724.jpg 1024w, https:\/\/www.alicemeyer.fr\/sitewordpress\/wp-content\/uploads\/2023\/05\/cartedessin_thomas_LD-1-300x212.jpg 300w, https:\/\/www.alicemeyer.fr\/sitewordpress\/wp-content\/uploads\/2023\/05\/cartedessin_thomas_LD-1-150x106.jpg 150w, https:\/\/www.alicemeyer.fr\/sitewordpress\/wp-content\/uploads\/2023\/05\/cartedessin_thomas_LD-1-768x543.jpg 768w, https:\/\/www.alicemeyer.fr\/sitewordpress\/wp-content\/uploads\/2023\/05\/cartedessin_thomas_LD-1-1536x1086.jpg 1536w, https:\/\/www.alicemeyer.fr\/sitewordpress\/wp-content\/uploads\/2023\/05\/cartedessin_thomas_LD-1-2048x1448.jpg 2048w\" sizes=\"auto, (max-width: 1024px) 100vw, 1024px\" \/><\/figure>\n\n\n\n\n\n<figure class=\"wp-block-image size-large\"><img loading=\"lazy\" decoding=\"async\" width=\"1024\" height=\"724\" src=\"https:\/\/www.alicemeyer.fr\/sitewordpress\/wp-content\/uploads\/2023\/05\/cartedessin_soan_LD-1-1024x724.jpg\" alt=\"\" class=\"wp-image-3145\" srcset=\"https:\/\/www.alicemeyer.fr\/sitewordpress\/wp-content\/uploads\/2023\/05\/cartedessin_soan_LD-1-1024x724.jpg 1024w, https:\/\/www.alicemeyer.fr\/sitewordpress\/wp-content\/uploads\/2023\/05\/cartedessin_soan_LD-1-300x212.jpg 300w, https:\/\/www.alicemeyer.fr\/sitewordpress\/wp-content\/uploads\/2023\/05\/cartedessin_soan_LD-1-150x106.jpg 150w, https:\/\/www.alicemeyer.fr\/sitewordpress\/wp-content\/uploads\/2023\/05\/cartedessin_soan_LD-1-768x543.jpg 768w, https:\/\/www.alicemeyer.fr\/sitewordpress\/wp-content\/uploads\/2023\/05\/cartedessin_soan_LD-1-1536x1086.jpg 1536w, https:\/\/www.alicemeyer.fr\/sitewordpress\/wp-content\/uploads\/2023\/05\/cartedessin_soan_LD-1-2048x1448.jpg 2048w\" sizes=\"auto, (max-width: 1024px) 100vw, 1024px\" \/><\/figure>\n<\/div>\n\n\n\n<div class=\"wp-block-column is-layout-flow wp-block-column-is-layout-flow\" style=\"flex-basis:50%\">\n<figure class=\"wp-block-image size-large\"><img loading=\"lazy\" decoding=\"async\" width=\"1024\" height=\"724\" src=\"https:\/\/www.alicemeyer.fr\/sitewordpress\/wp-content\/uploads\/2023\/05\/collage-juliette2-1024x724.jpg\" alt=\"\" class=\"wp-image-3133\" srcset=\"https:\/\/www.alicemeyer.fr\/sitewordpress\/wp-content\/uploads\/2023\/05\/collage-juliette2-1024x724.jpg 1024w, https:\/\/www.alicemeyer.fr\/sitewordpress\/wp-content\/uploads\/2023\/05\/collage-juliette2-300x212.jpg 300w, https:\/\/www.alicemeyer.fr\/sitewordpress\/wp-content\/uploads\/2023\/05\/collage-juliette2-150x106.jpg 150w, https:\/\/www.alicemeyer.fr\/sitewordpress\/wp-content\/uploads\/2023\/05\/collage-juliette2-768x543.jpg 768w, https:\/\/www.alicemeyer.fr\/sitewordpress\/wp-content\/uploads\/2023\/05\/collage-juliette2-1536x1086.jpg 1536w, https:\/\/www.alicemeyer.fr\/sitewordpress\/wp-content\/uploads\/2023\/05\/collage-juliette2-2048x1448.jpg 2048w\" sizes=\"auto, (max-width: 1024px) 100vw, 1024px\" \/><\/figure>\n\n\n\n<figure class=\"wp-block-image size-large\"><img loading=\"lazy\" decoding=\"async\" width=\"1024\" height=\"741\" src=\"https:\/\/www.alicemeyer.fr\/sitewordpress\/wp-content\/uploads\/2023\/05\/cartedessin_julietteC-1024x741.jpg\" alt=\"\" class=\"wp-image-3143\" srcset=\"https:\/\/www.alicemeyer.fr\/sitewordpress\/wp-content\/uploads\/2023\/05\/cartedessin_julietteC-1024x741.jpg 1024w, https:\/\/www.alicemeyer.fr\/sitewordpress\/wp-content\/uploads\/2023\/05\/cartedessin_julietteC-300x217.jpg 300w, https:\/\/www.alicemeyer.fr\/sitewordpress\/wp-content\/uploads\/2023\/05\/cartedessin_julietteC-150x109.jpg 150w, https:\/\/www.alicemeyer.fr\/sitewordpress\/wp-content\/uploads\/2023\/05\/cartedessin_julietteC-768x556.jpg 768w, https:\/\/www.alicemeyer.fr\/sitewordpress\/wp-content\/uploads\/2023\/05\/cartedessin_julietteC-1536x1112.jpg 1536w, https:\/\/www.alicemeyer.fr\/sitewordpress\/wp-content\/uploads\/2023\/05\/cartedessin_julietteC-2048x1483.jpg 2048w\" sizes=\"auto, (max-width: 1024px) 100vw, 1024px\" \/><\/figure>\n<\/div>\n\n\n\n<div class=\"wp-block-column is-layout-flow wp-block-column-is-layout-flow\" style=\"flex-basis:25%\">\n<figure class=\"wp-block-image size-large\"><img loading=\"lazy\" decoding=\"async\" width=\"1024\" height=\"724\" src=\"https:\/\/www.alicemeyer.fr\/sitewordpress\/wp-content\/uploads\/2023\/05\/collage-lorene-1024x724.jpg\" alt=\"\" class=\"wp-image-3134\" srcset=\"https:\/\/www.alicemeyer.fr\/sitewordpress\/wp-content\/uploads\/2023\/05\/collage-lorene-1024x724.jpg 1024w, https:\/\/www.alicemeyer.fr\/sitewordpress\/wp-content\/uploads\/2023\/05\/collage-lorene-300x212.jpg 300w, https:\/\/www.alicemeyer.fr\/sitewordpress\/wp-content\/uploads\/2023\/05\/collage-lorene-150x106.jpg 150w, https:\/\/www.alicemeyer.fr\/sitewordpress\/wp-content\/uploads\/2023\/05\/collage-lorene-768x543.jpg 768w, https:\/\/www.alicemeyer.fr\/sitewordpress\/wp-content\/uploads\/2023\/05\/collage-lorene-1536x1086.jpg 1536w, https:\/\/www.alicemeyer.fr\/sitewordpress\/wp-content\/uploads\/2023\/05\/collage-lorene-2048x1448.jpg 2048w\" sizes=\"auto, (max-width: 1024px) 100vw, 1024px\" \/><\/figure>\n\n\n\n<figure class=\"wp-block-image size-large\"><img loading=\"lazy\" decoding=\"async\" width=\"1024\" height=\"724\" src=\"https:\/\/www.alicemeyer.fr\/sitewordpress\/wp-content\/uploads\/2023\/05\/cartedessin_lorene_LD-1-1024x724.jpg\" alt=\"\" class=\"wp-image-3138\" srcset=\"https:\/\/www.alicemeyer.fr\/sitewordpress\/wp-content\/uploads\/2023\/05\/cartedessin_lorene_LD-1-1024x724.jpg 1024w, https:\/\/www.alicemeyer.fr\/sitewordpress\/wp-content\/uploads\/2023\/05\/cartedessin_lorene_LD-1-300x212.jpg 300w, https:\/\/www.alicemeyer.fr\/sitewordpress\/wp-content\/uploads\/2023\/05\/cartedessin_lorene_LD-1-150x106.jpg 150w, https:\/\/www.alicemeyer.fr\/sitewordpress\/wp-content\/uploads\/2023\/05\/cartedessin_lorene_LD-1-768x543.jpg 768w, https:\/\/www.alicemeyer.fr\/sitewordpress\/wp-content\/uploads\/2023\/05\/cartedessin_lorene_LD-1-1536x1086.jpg 1536w, https:\/\/www.alicemeyer.fr\/sitewordpress\/wp-content\/uploads\/2023\/05\/cartedessin_lorene_LD-1-2048x1448.jpg 2048w\" sizes=\"auto, (max-width: 1024px) 100vw, 1024px\" \/><\/figure>\n\n\n\n\n\n<figure class=\"wp-block-image size-large\"><img loading=\"lazy\" decoding=\"async\" width=\"1024\" height=\"724\" src=\"https:\/\/www.alicemeyer.fr\/sitewordpress\/wp-content\/uploads\/2023\/05\/cartedessin_aicha_LD-1-1024x724.jpg\" alt=\"\" class=\"wp-image-3146\" srcset=\"https:\/\/www.alicemeyer.fr\/sitewordpress\/wp-content\/uploads\/2023\/05\/cartedessin_aicha_LD-1-1024x724.jpg 1024w, https:\/\/www.alicemeyer.fr\/sitewordpress\/wp-content\/uploads\/2023\/05\/cartedessin_aicha_LD-1-300x212.jpg 300w, https:\/\/www.alicemeyer.fr\/sitewordpress\/wp-content\/uploads\/2023\/05\/cartedessin_aicha_LD-1-150x106.jpg 150w, https:\/\/www.alicemeyer.fr\/sitewordpress\/wp-content\/uploads\/2023\/05\/cartedessin_aicha_LD-1-768x543.jpg 768w, https:\/\/www.alicemeyer.fr\/sitewordpress\/wp-content\/uploads\/2023\/05\/cartedessin_aicha_LD-1-1536x1086.jpg 1536w, https:\/\/www.alicemeyer.fr\/sitewordpress\/wp-content\/uploads\/2023\/05\/cartedessin_aicha_LD-1-2048x1448.jpg 2048w\" sizes=\"auto, (max-width: 1024px) 100vw, 1024px\" \/><\/figure>\n<\/div>\n<\/div>\n\n\n\n<p class=\"wp-block-paragraph\"><\/p>\n","protected":false},"excerpt":{"rendered":"<p>Les r\u00e9sidences et ateliers autour de la th\u00e9matique \u00ab\u00a0Visages de la ruralit\u00e9\u00a0\u00bb ont \u00e9t\u00e9 men\u00e9s sur le territoire Lun\u00e9villois majoritairement rural sur plusieurs mois par [&hellip;]<\/p>\n","protected":false},"author":1,"featured_media":0,"parent":0,"menu_order":0,"comment_status":"closed","ping_status":"closed","template":"","meta":{"_crdt_document":"","footnotes":""},"class_list":["post-2678","page","type-page","status-publish","hentry"],"_links":{"self":[{"href":"https:\/\/www.alicemeyer.fr\/sitewordpress\/index.php?rest_route=\/wp\/v2\/pages\/2678","targetHints":{"allow":["GET"]}}],"collection":[{"href":"https:\/\/www.alicemeyer.fr\/sitewordpress\/index.php?rest_route=\/wp\/v2\/pages"}],"about":[{"href":"https:\/\/www.alicemeyer.fr\/sitewordpress\/index.php?rest_route=\/wp\/v2\/types\/page"}],"author":[{"embeddable":true,"href":"https:\/\/www.alicemeyer.fr\/sitewordpress\/index.php?rest_route=\/wp\/v2\/users\/1"}],"replies":[{"embeddable":true,"href":"https:\/\/www.alicemeyer.fr\/sitewordpress\/index.php?rest_route=%2Fwp%2Fv2%2Fcomments&post=2678"}],"version-history":[{"count":17,"href":"https:\/\/www.alicemeyer.fr\/sitewordpress\/index.php?rest_route=\/wp\/v2\/pages\/2678\/revisions"}],"predecessor-version":[{"id":3149,"href":"https:\/\/www.alicemeyer.fr\/sitewordpress\/index.php?rest_route=\/wp\/v2\/pages\/2678\/revisions\/3149"}],"wp:attachment":[{"href":"https:\/\/www.alicemeyer.fr\/sitewordpress\/index.php?rest_route=%2Fwp%2Fv2%2Fmedia&parent=2678"}],"curies":[{"name":"wp","href":"https:\/\/api.w.org\/{rel}","templated":true}]}}