{"id":3176,"date":"2023-08-20T09:56:01","date_gmt":"2023-08-20T07:56:01","guid":{"rendered":"https:\/\/www.alicemeyer.fr\/sitewordpress\/?page_id=3176"},"modified":"2025-07-11T21:11:40","modified_gmt":"2025-07-11T19:11:40","slug":"photo-therapie-2","status":"publish","type":"page","link":"https:\/\/www.alicemeyer.fr\/sitewordpress\/?page_id=3176","title":{"rendered":"Photo-th\u00e9rapie"},"content":{"rendered":"\n<p class=\"wp-block-paragraph\" style=\"font-size:14px\"><strong><em>La photo-th\u00e9rapie<\/em><\/strong>* et, par extension, <strong><em>la photographie d\u2019action social<\/em>e<\/strong>** <strong>sont <\/strong><\/p>\n\n\n\n<ul class=\"wp-block-list\">\n<li style=\"font-size:14px\"><strong>une approche et un ensemble de techniques qui utilisent principalement la photographie<\/strong> sous toutes ses formes (prise de vue, photos personnelles, documents photo\u2026) ;<\/li>\n\n\n\n<li style=\"font-size:14px\">qui permettent aux personnes, dans le cadre d\u2019une <strong>th\u00e9rapie<\/strong>* ou dans le cadre d\u2019un <strong>atelier<\/strong>** socio-culturel encadr\u00e9 par un professionnel form\u00e9 \u00e0 ces techniques <strong>d\u2019aller mieux<\/strong> <strong>et\/ou de d\u00e9velopper leur potentiel cr\u00e9atif*<\/strong>.<\/li>\n<\/ul>\n\n\n\n<p class=\"wp-block-paragraph\" style=\"font-size:14px\">C\u2019est une approche originale du soin et de la photographie d\u00e9velopp\u00e9e par <a href=\"https:\/\/emiliedanchin.be\/\" target=\"_blank\" rel=\"noreferrer noopener\">Emilie Danchin<\/a>\u00a9 (Analytique Photographique, Bruxelles) depuis 10 ans et aupr\u00e8s de laquelle j\u2019ai \u00e9t\u00e9 form\u00e9e. Cette approche est issue des travaux de la psychologue et photographe canadienne <a href=\"https:\/\/phototherapy-centre.com\/\">Judy Weiser<\/a>.(1980).<\/p>\n\n\n\n<div class=\"wp-block-media-text is-stacked-on-mobile is-image-fill-element\" style=\"grid-template-columns:33% auto\"><figure class=\"wp-block-media-text__media\"><img loading=\"lazy\" decoding=\"async\" width=\"1024\" height=\"1024\" src=\"https:\/\/www.alicemeyer.fr\/sitewordpress\/wp-content\/uploads\/2025\/07\/20250711_152010-1024x1024.jpg\" alt=\"\" class=\"wp-image-3936 size-full\" style=\"object-position:50% 50%\" srcset=\"https:\/\/www.alicemeyer.fr\/sitewordpress\/wp-content\/uploads\/2025\/07\/20250711_152010-1024x1024.jpg 1024w, https:\/\/www.alicemeyer.fr\/sitewordpress\/wp-content\/uploads\/2025\/07\/20250711_152010-300x300.jpg 300w, https:\/\/www.alicemeyer.fr\/sitewordpress\/wp-content\/uploads\/2025\/07\/20250711_152010-150x150.jpg 150w, https:\/\/www.alicemeyer.fr\/sitewordpress\/wp-content\/uploads\/2025\/07\/20250711_152010-768x768.jpg 768w, https:\/\/www.alicemeyer.fr\/sitewordpress\/wp-content\/uploads\/2025\/07\/20250711_152010-1536x1536.jpg 1536w, https:\/\/www.alicemeyer.fr\/sitewordpress\/wp-content\/uploads\/2025\/07\/20250711_152010-2048x2048.jpg 2048w\" sizes=\"auto, (max-width: 1024px) 100vw, 1024px\" \/><\/figure><div class=\"wp-block-media-text__content\">\n<p class=\"wp-block-paragraph\"><strong>LA PHOTO-THERAPIE<\/strong>\u00a0(<a href=\"https:\/\/emiliedanchin.be\/\" target=\"_blank\" rel=\"noreferrer noopener\">Emilie Danchin<\/a>\u00a9Analytique Photographique, Bxl) utilise la photographie\u00a0<em><strong>au service du soin<\/strong><\/em> pour revisiter des moments de sa vie, se projeter, \u00eatre au contact de ses \u00e9motions et les int\u00e9grer quand elles n\u2019ont pas pu l\u2019\u00eatre, les comprendre pour avancer et d\u00e9velopper sa cr\u00e9ativit\u00e9.<\/p>\n<\/div><\/div>\n\n\n\n<div class=\"wp-block-media-text is-stacked-on-mobile\" style=\"grid-template-columns:33% auto\"><figure class=\"wp-block-media-text__media\"><img loading=\"lazy\" decoding=\"async\" width=\"1024\" height=\"1024\" src=\"https:\/\/www.alicemeyer.fr\/sitewordpress\/wp-content\/uploads\/2025\/03\/20250221_120018-1-1024x1024.jpg\" alt=\"\" class=\"wp-image-3773 size-full\" srcset=\"https:\/\/www.alicemeyer.fr\/sitewordpress\/wp-content\/uploads\/2025\/03\/20250221_120018-1-1024x1024.jpg 1024w, https:\/\/www.alicemeyer.fr\/sitewordpress\/wp-content\/uploads\/2025\/03\/20250221_120018-1-300x300.jpg 300w, https:\/\/www.alicemeyer.fr\/sitewordpress\/wp-content\/uploads\/2025\/03\/20250221_120018-1-150x150.jpg 150w, https:\/\/www.alicemeyer.fr\/sitewordpress\/wp-content\/uploads\/2025\/03\/20250221_120018-1-768x768.jpg 768w, https:\/\/www.alicemeyer.fr\/sitewordpress\/wp-content\/uploads\/2025\/03\/20250221_120018-1-1536x1536.jpg 1536w, https:\/\/www.alicemeyer.fr\/sitewordpress\/wp-content\/uploads\/2025\/03\/20250221_120018-1-2048x2048.jpg 2048w\" sizes=\"auto, (max-width: 1024px) 100vw, 1024px\" \/><\/figure><div class=\"wp-block-media-text__content\">\n<p class=\"has-text-align-left wp-block-paragraph\"><strong>LA PHOTOGRAPHIE D\u2019ACTION SOCIALE<\/strong>\u00a0(<a href=\"https:\/\/emiliedanchin.be\/\" target=\"_blank\" rel=\"noreferrer noopener\">Emilie Danchin<\/a>\u00a9Analytique Photographique, Bxl) <strong>puise dans les outils de la photo-th\u00e9rapie <\/strong>et utilise la photographie au service du d\u00e9veloppement personnel\u00a0<strong>dans le cadre d\u2019ateliers socio-culturels,\u00a0<\/strong><em>sans objectifs de soin.<\/em><\/p>\n<\/div><\/div>\n\n\n\n<h2 class=\"wp-block-heading\">Mieux comprendre la m\u00e9thode et ses applications<\/h2>\n\n\n\n<p class=\"wp-block-paragraph\" id=\"block-399eb114-e267-4198-9eae-23fd950c555b\" style=\"font-size:14px\"><strong>POUR QUOI ?<\/strong><\/p>\n\n\n\n<ul class=\"wp-block-list\">\n<li style=\"font-size:14px\"><strong>D\u00e9veloppement personnel & relationnel <\/strong>: connexion \u00e0 ses \u00e9motions, ses sensations, prise de recul sur une situation, travail de m\u00e9moire, d\u2019int\u00e9gration d\u2019\u00e9v\u00e8nements de vie, am\u00e9lioration de l\u2019image de soi, coh\u00e9sion, relation.<\/li>\n\n\n\n<li style=\"font-size:14px\"><strong>D\u00e9veloppement de l\u2019imagination<\/strong> : projection de soi, narration en images, stimulation de l\u2019imagination.<\/li>\n\n\n\n<li style=\"font-size:14px\"><strong>D\u00e9veloppement de son potentiel cr\u00e9atif<\/strong> : ouverture culturelle, supports de r\u00e9flexion, de jeu et d\u2019expression personnelle ou collective, plaisir et l\u00e2cher-prise, intentionnalit\u00e9 et engagement.<\/li>\n\n\n\n<li style=\"font-size:14px\"><strong>Soin <\/strong>: int\u00e9gration des \u00e9motions et \u00e9pisodes de vie difficiles, r\u00e9appropriation de son histoire, am\u00e9lioration de l\u2019estime de soi.<\/li>\n<\/ul>\n\n\n\n<p class=\"wp-block-paragraph\" id=\"block-399eb114-e267-4198-9eae-23fd950c555b\" style=\"font-size:14px\"><strong>PAR & POUR QUI ?<\/strong><\/p>\n\n\n\n<ul class=\"wp-block-list\">\n<li style=\"font-size:14px\">Par un <strong>professionnel du soin d\u00fbment form\u00e9 \u00e0 ses techniques<\/strong> (art-th\u00e9rapeute, psychologue etc.)  et <strong>un professionnel de l\u2019image et de l\u2019intervention artistique<\/strong> pour la photographie d\u2019action sociale.<\/li>\n\n\n\n<li style=\"font-size:14px\"><strong>Pour tous<\/strong>, \u00e0 partir de 6 ans, en pr\u00e9sence du parent avant 6 ans.<\/li>\n\n\n\n<li style=\"font-size:14px\"><strong>En individuel ou en groupe<\/strong> : pour ma part en art-th\u00e9rapie (soin) ou en photographie d\u2019action sociale (ateliers).<\/li>\n\n\n\n<li style=\"font-size:14px\">En structure culturelles, sociales, associatives, m\u00e9dico-sociales, entreprises, en cabinet, etc.<\/li>\n<\/ul>\n\n\n\n<p class=\"wp-block-paragraph\" id=\"block-440382a9-b458-4ca0-8577-0ee6828d2887\" style=\"font-size:14px\"><strong>COMMENT ?<\/strong><\/p>\n\n\n\n<ul class=\"wp-block-list\">\n<li style=\"font-size:14px\"><strong>La photographie est une surface couverte de r\u00e9el et donc d\u2019\u00e9motions<\/strong> car elle renvoie \u00e0 des \u00e9l\u00e9ments tangibles. La photographie<strong> engage tout le corps et tous les sens<\/strong> m\u00eame devant une ou des photographies : elle r\u00e9-anime les \u00e9motions et les sensations par notre m\u00e9moire corporelle et \u00e9motionnelle et nous mobilise.<\/li>\n\n\n\n<li style=\"font-size:14px\"><strong>La projection <\/strong>: les photos nous permettent donc de s\u2019y projeter par le corps et le mental. La projection est un m\u00e9canisme psychique qui met en lien le corpus c\u00e9r\u00e9bral (m\u00e9moire, connaissances, go\u00fbts\u2026) mais aussi le corpus \u00e9motionnel.<\/li>\n\n\n\n<li style=\"font-size:14px\"><strong>Techniques <\/strong>: l\u2019exploration d\u2019images photographiques personnelles (familiales, scolaires, de loisir, d\u2019identit\u00e9, etc.), documentaires (presse, corpus th\u00e9matiques dont photolangage, etc.), la prise de vues photo en s\u00e9ances d\u2019art-th\u00e9rapie ou en ateliers socio-culturels, la mise en r\u00e9cit visuel, l\u2019\u00e9criture, le dessin, le questionnaire peuvent \u00eatre mobilis\u00e9s en s\u00e9ance ou atelier.<\/li>\n<\/ul>\n","protected":false},"excerpt":{"rendered":"<p>La photo-th\u00e9rapie* et, par extension, la photographie d\u2019action sociale** sont C\u2019est une approche originale du soin et de la photographie d\u00e9velopp\u00e9e par Emilie Danchin\u00a9 (Analytique [&hellip;]<\/p>\n","protected":false},"author":1,"featured_media":0,"parent":0,"menu_order":0,"comment_status":"closed","ping_status":"closed","template":"","meta":{"_crdt_document":"","footnotes":""},"class_list":["post-3176","page","type-page","status-publish","hentry"],"_links":{"self":[{"href":"https:\/\/www.alicemeyer.fr\/sitewordpress\/index.php?rest_route=\/wp\/v2\/pages\/3176","targetHints":{"allow":["GET"]}}],"collection":[{"href":"https:\/\/www.alicemeyer.fr\/sitewordpress\/index.php?rest_route=\/wp\/v2\/pages"}],"about":[{"href":"https:\/\/www.alicemeyer.fr\/sitewordpress\/index.php?rest_route=\/wp\/v2\/types\/page"}],"author":[{"embeddable":true,"href":"https:\/\/www.alicemeyer.fr\/sitewordpress\/index.php?rest_route=\/wp\/v2\/users\/1"}],"replies":[{"embeddable":true,"href":"https:\/\/www.alicemeyer.fr\/sitewordpress\/index.php?rest_route=%2Fwp%2Fv2%2Fcomments&post=3176"}],"version-history":[{"count":37,"href":"https:\/\/www.alicemeyer.fr\/sitewordpress\/index.php?rest_route=\/wp\/v2\/pages\/3176\/revisions"}],"predecessor-version":[{"id":3938,"href":"https:\/\/www.alicemeyer.fr\/sitewordpress\/index.php?rest_route=\/wp\/v2\/pages\/3176\/revisions\/3938"}],"wp:attachment":[{"href":"https:\/\/www.alicemeyer.fr\/sitewordpress\/index.php?rest_route=%2Fwp%2Fv2%2Fmedia&parent=3176"}],"curies":[{"name":"wp","href":"https:\/\/api.w.org\/{rel}","templated":true}]}}

Photo-thérapie

<p class="wp-block-paragraph" style="font-size:14px"><strong><em>La photo-thérapie</em></strong>* et, par extension, <strong><em>la photographie d’action social</em>e</strong>** <strong>sont </strong></p>



<ul class="wp-block-list">
<li style="font-size:14px"><strong>une approche et un ensemble de techniques qui utilisent principalement la photographie</strong> sous toutes ses formes (prise de vue, photos personnelles, documents photo…) ;</li>



<li style="font-size:14px">qui permettent aux personnes, dans le cadre d’une <strong>thérapie</strong>* ou dans le cadre d’un <strong>atelier</strong>** socio-culturel encadré par un professionnel formé à ces techniques <strong>d’aller mieux</strong> <strong>et/ou de développer leur potentiel créatif*</strong>.</li>
</ul>



<p class="wp-block-paragraph" style="font-size:14px">C’est une approche originale du soin et de la photographie développée par <a href="https://emiliedanchin.be/" target="_blank" rel="noreferrer noopener">Emilie Danchin</a>© (Analytique Photographique, Bruxelles) depuis 10 ans et auprès de laquelle j’ai été formée. Cette approche est issue des travaux de la psychologue et photographe canadienne <a href="https://phototherapy-centre.com/">Judy Weiser</a>.(1980).</p>



<div class="wp-block-media-text is-stacked-on-mobile is-image-fill-element" style="grid-template-columns:33% auto"><figure class="wp-block-media-text__media"><img loading="lazy" decoding="async" width="1024" height="1024" src="https://www.alicemeyer.fr/sitewordpress/wp-content/uploads/2025/07/20250711_152010-1024x1024.jpg" alt="" class="wp-image-3936 size-full" style="object-position:50% 50%" srcset="https://www.alicemeyer.fr/sitewordpress/wp-content/uploads/2025/07/20250711_152010-1024x1024.jpg 1024w, https://www.alicemeyer.fr/sitewordpress/wp-content/uploads/2025/07/20250711_152010-300x300.jpg 300w, https://www.alicemeyer.fr/sitewordpress/wp-content/uploads/2025/07/20250711_152010-150x150.jpg 150w, https://www.alicemeyer.fr/sitewordpress/wp-content/uploads/2025/07/20250711_152010-768x768.jpg 768w, https://www.alicemeyer.fr/sitewordpress/wp-content/uploads/2025/07/20250711_152010-1536x1536.jpg 1536w, https://www.alicemeyer.fr/sitewordpress/wp-content/uploads/2025/07/20250711_152010-2048x2048.jpg 2048w" sizes="auto, (max-width: 1024px) 100vw, 1024px" /></figure><div class="wp-block-media-text__content">
<p class="wp-block-paragraph"><strong>LA PHOTO-THERAPIE</strong> (<a href="https://emiliedanchin.be/" target="_blank" rel="noreferrer noopener">Emilie Danchin</a>©Analytique Photographique, Bxl) utilise la photographie <em><strong>au service du soin</strong></em> pour revisiter des moments de sa vie, se projeter, être au contact de ses émotions et les intégrer quand elles n’ont pas pu l’être, les comprendre pour avancer et développer sa créativité.</p>
</div></div>



<div class="wp-block-media-text is-stacked-on-mobile" style="grid-template-columns:33% auto"><figure class="wp-block-media-text__media"><img loading="lazy" decoding="async" width="1024" height="1024" src="https://www.alicemeyer.fr/sitewordpress/wp-content/uploads/2025/03/20250221_120018-1-1024x1024.jpg" alt="" class="wp-image-3773 size-full" srcset="https://www.alicemeyer.fr/sitewordpress/wp-content/uploads/2025/03/20250221_120018-1-1024x1024.jpg 1024w, https://www.alicemeyer.fr/sitewordpress/wp-content/uploads/2025/03/20250221_120018-1-300x300.jpg 300w, https://www.alicemeyer.fr/sitewordpress/wp-content/uploads/2025/03/20250221_120018-1-150x150.jpg 150w, https://www.alicemeyer.fr/sitewordpress/wp-content/uploads/2025/03/20250221_120018-1-768x768.jpg 768w, https://www.alicemeyer.fr/sitewordpress/wp-content/uploads/2025/03/20250221_120018-1-1536x1536.jpg 1536w, https://www.alicemeyer.fr/sitewordpress/wp-content/uploads/2025/03/20250221_120018-1-2048x2048.jpg 2048w" sizes="auto, (max-width: 1024px) 100vw, 1024px" /></figure><div class="wp-block-media-text__content">
<p class="has-text-align-left wp-block-paragraph"><strong>LA PHOTOGRAPHIE D’ACTION SOCIALE</strong> (<a href="https://emiliedanchin.be/" target="_blank" rel="noreferrer noopener">Emilie Danchin</a>©Analytique Photographique, Bxl) <strong>puise dans les outils de la photo-thérapie </strong>et utilise la photographie au service du développement personnel <strong>dans le cadre d’ateliers socio-culturels, </strong><em>sans objectifs de soin.</em></p>
</div></div>



<h2 class="wp-block-heading">Mieux comprendre la méthode et ses applications</h2>



<p class="wp-block-paragraph" id="block-399eb114-e267-4198-9eae-23fd950c555b" style="font-size:14px"><strong>POUR QUOI ?</strong></p>



<ul class="wp-block-list">
<li style="font-size:14px"><strong>Développement personnel & relationnel </strong>: connexion à ses émotions, ses sensations, prise de recul sur une situation, travail de mémoire, d’intégration d’évènements de vie, amélioration de l’image de soi, cohésion, relation.</li>



<li style="font-size:14px"><strong>Développement de l’imagination</strong> : projection de soi, narration en images, stimulation de l’imagination.</li>



<li style="font-size:14px"><strong>Développement de son potentiel créatif</strong> : ouverture culturelle, supports de réflexion, de jeu et d’expression personnelle ou collective, plaisir et lâcher-prise, intentionnalité et engagement.</li>



<li style="font-size:14px"><strong>Soin </strong>: intégration des émotions et épisodes de vie difficiles, réappropriation de son histoire, amélioration de l’estime de soi.</li>
</ul>



<p class="wp-block-paragraph" id="block-399eb114-e267-4198-9eae-23fd950c555b" style="font-size:14px"><strong>PAR & POUR QUI ?</strong></p>



<ul class="wp-block-list">
<li style="font-size:14px">Par un <strong>professionnel du soin dûment formé à ses techniques</strong> (art-thérapeute, psychologue etc.)  et <strong>un professionnel de l’image et de l’intervention artistique</strong> pour la photographie d’action sociale.</li>



<li style="font-size:14px"><strong>Pour tous</strong>, à partir de 6 ans, en présence du parent avant 6 ans.</li>



<li style="font-size:14px"><strong>En individuel ou en groupe</strong> : pour ma part en art-thérapie (soin) ou en photographie d’action sociale (ateliers).</li>



<li style="font-size:14px">En structure culturelles, sociales, associatives, médico-sociales, entreprises, en cabinet, etc.</li>
</ul>



<p class="wp-block-paragraph" id="block-440382a9-b458-4ca0-8577-0ee6828d2887" style="font-size:14px"><strong>COMMENT ?</strong></p>



<ul class="wp-block-list">
<li style="font-size:14px"><strong>La photographie est une surface couverte de réel et donc d’émotions</strong> car elle renvoie à des éléments tangibles. La photographie<strong> engage tout le corps et tous les sens</strong> même devant une ou des photographies : elle ré-anime les émotions et les sensations par notre mémoire corporelle et émotionnelle et nous mobilise.</li>



<li style="font-size:14px"><strong>La projection </strong>: les photos nous permettent donc de s’y projeter par le corps et le mental. La projection est un mécanisme psychique qui met en lien le corpus cérébral (mémoire, connaissances, goûts…) mais aussi le corpus émotionnel.</li>



<li style="font-size:14px"><strong>Techniques </strong>: l’exploration d’images photographiques personnelles (familiales, scolaires, de loisir, d’identité, etc.), documentaires (presse, corpus thématiques dont photolangage, etc.), la prise de vues photo en séances d’art-thérapie ou en ateliers socio-culturels, la mise en récit visuel, l’écriture, le dessin, le questionnaire peuvent être mobilisés en séance ou atelier.</li>
</ul>

<p>La photo-thérapie* et, par extension, la photographie d’action sociale** sont C’est une approche originale du soin et de la photographie développée par Emilie Danchin© (Analytique [&hellip;]</p>
