{"id":634,"date":"2021-03-19T18:39:31","date_gmt":"2021-03-19T17:39:31","guid":{"rendered":"https:\/\/www.alicemeyer.fr\/sitewordpress\/?page_id=634"},"modified":"2021-04-07T18:22:46","modified_gmt":"2021-04-07T16:22:46","slug":"traces-de-la-guerre","status":"publish","type":"page","link":"https:\/\/www.alicemeyer.fr\/sitewordpress\/?page_id=634","title":{"rendered":"Traces de la guerre"},"content":{"rendered":"\n<pre class=\"wp-block-verse\" style=\"font-size:14px\">Au gr\u00e9 de mes ballades dans les nombreuses for\u00eats lorraines, je rel\u00e8ve les traces de la guerre qui ont remodel\u00e9 de fa\u00e7on terrible les paysages lorrains notamment : tranch\u00e9es, queues de cochon, impacts de balles, barbel\u00e9s, fa\u00e7ades de maisons... Je me poste dans les tranch\u00e9es, marche dans ces sillons qu'ont connu nos a\u00efeux, rentre en empathie avec ces soldats que la m\u00e9moire des sols, des arbres, des murs n'oublie pas. L'endroit o\u00f9 je me place faisant des photographies rencontre la leur. On photographie avec tout son corps et sa m\u00e9moire corporelle. <\/pre>\n\n\n\n<hr class=\"wp-block-separator is-style-dots\"\/>\n\n\n\n<figure class=\"wp-block-gallery columns-3 wp-block-gallery-1 is-layout-flex wp-block-gallery-is-layout-flex\"><ul class=\"blocks-gallery-grid\"><li class=\"blocks-gallery-item\"><figure><a href=\"https:\/\/www.alicemeyer.fr\/sitewordpress\/wp-content\/uploads\/2021\/03\/Traces-guerre-lorraine-1-rotated.jpg\"><img loading=\"lazy\" decoding=\"async\" width=\"1024\" height=\"1024\" src=\"https:\/\/www.alicemeyer.fr\/sitewordpress\/wp-content\/uploads\/2021\/03\/Traces-guerre-lorraine-1-1024x1024.jpg\" alt=\"Traces de la guerre en Lorraine, Alice Meyer\" data-id=\"635\" data-full-url=\"https:\/\/www.alicemeyer.fr\/sitewordpress\/wp-content\/uploads\/2021\/03\/Traces-guerre-lorraine-1-rotated.jpg\" data-link=\"https:\/\/www.alicemeyer.fr\/sitewordpress\/?attachment_id=635\" class=\"wp-image-635\" srcset=\"https:\/\/www.alicemeyer.fr\/sitewordpress\/wp-content\/uploads\/2021\/03\/Traces-guerre-lorraine-1-1024x1024.jpg 1024w, https:\/\/www.alicemeyer.fr\/sitewordpress\/wp-content\/uploads\/2021\/03\/Traces-guerre-lorraine-1-300x300.jpg 300w, https:\/\/www.alicemeyer.fr\/sitewordpress\/wp-content\/uploads\/2021\/03\/Traces-guerre-lorraine-1-150x150.jpg 150w, https:\/\/www.alicemeyer.fr\/sitewordpress\/wp-content\/uploads\/2021\/03\/Traces-guerre-lorraine-1-768x768.jpg 768w, https:\/\/www.alicemeyer.fr\/sitewordpress\/wp-content\/uploads\/2021\/03\/Traces-guerre-lorraine-1-1536x1536.jpg 1536w, https:\/\/www.alicemeyer.fr\/sitewordpress\/wp-content\/uploads\/2021\/03\/Traces-guerre-lorraine-1-2048x2048.jpg 2048w\" sizes=\"auto, (max-width: 1024px) 100vw, 1024px\" \/><\/a><\/figure><\/li><li class=\"blocks-gallery-item\"><figure><a href=\"https:\/\/www.alicemeyer.fr\/sitewordpress\/wp-content\/uploads\/2021\/03\/Traces-guerre-lorraine-2-rotated.jpg\"><img loading=\"lazy\" decoding=\"async\" width=\"1024\" height=\"1024\" src=\"https:\/\/www.alicemeyer.fr\/sitewordpress\/wp-content\/uploads\/2021\/03\/Traces-guerre-lorraine-2-1024x1024.jpg\" alt=\"Traces de la guerre en Lorraine, Alice Meyer\" data-id=\"636\" data-full-url=\"https:\/\/www.alicemeyer.fr\/sitewordpress\/wp-content\/uploads\/2021\/03\/Traces-guerre-lorraine-2-rotated.jpg\" data-link=\"https:\/\/www.alicemeyer.fr\/sitewordpress\/?attachment_id=636\" class=\"wp-image-636\" srcset=\"https:\/\/www.alicemeyer.fr\/sitewordpress\/wp-content\/uploads\/2021\/03\/Traces-guerre-lorraine-2-1024x1024.jpg 1024w, https:\/\/www.alicemeyer.fr\/sitewordpress\/wp-content\/uploads\/2021\/03\/Traces-guerre-lorraine-2-300x300.jpg 300w, https:\/\/www.alicemeyer.fr\/sitewordpress\/wp-content\/uploads\/2021\/03\/Traces-guerre-lorraine-2-150x150.jpg 150w, https:\/\/www.alicemeyer.fr\/sitewordpress\/wp-content\/uploads\/2021\/03\/Traces-guerre-lorraine-2-768x768.jpg 768w, https:\/\/www.alicemeyer.fr\/sitewordpress\/wp-content\/uploads\/2021\/03\/Traces-guerre-lorraine-2-1536x1536.jpg 1536w, https:\/\/www.alicemeyer.fr\/sitewordpress\/wp-content\/uploads\/2021\/03\/Traces-guerre-lorraine-2-2048x2048.jpg 2048w\" sizes=\"auto, (max-width: 1024px) 100vw, 1024px\" \/><\/a><\/figure><\/li><li class=\"blocks-gallery-item\"><figure><a href=\"https:\/\/www.alicemeyer.fr\/sitewordpress\/wp-content\/uploads\/2021\/03\/Traces-guerre-lorraine-10.jpg\"><img loading=\"lazy\" decoding=\"async\" width=\"567\" height=\"567\" src=\"https:\/\/www.alicemeyer.fr\/sitewordpress\/wp-content\/uploads\/2021\/03\/Traces-guerre-lorraine-10.jpg\" alt=\"Traces de la guerre en Lorraine, Alice Meyer\" data-id=\"322\" data-full-url=\"https:\/\/www.alicemeyer.fr\/sitewordpress\/wp-content\/uploads\/2021\/03\/Traces-guerre-lorraine-10.jpg\" data-link=\"https:\/\/www.alicemeyer.fr\/sitewordpress\/?attachment_id=322\" class=\"wp-image-322\" srcset=\"https:\/\/www.alicemeyer.fr\/sitewordpress\/wp-content\/uploads\/2021\/03\/Traces-guerre-lorraine-10.jpg 567w, https:\/\/www.alicemeyer.fr\/sitewordpress\/wp-content\/uploads\/2021\/03\/Traces-guerre-lorraine-10-300x300.jpg 300w, https:\/\/www.alicemeyer.fr\/sitewordpress\/wp-content\/uploads\/2021\/03\/Traces-guerre-lorraine-10-150x150.jpg 150w\" sizes=\"auto, (max-width: 567px) 100vw, 567px\" \/><\/a><\/figure><\/li><li class=\"blocks-gallery-item\"><figure><a href=\"https:\/\/www.alicemeyer.fr\/sitewordpress\/wp-content\/uploads\/2021\/03\/Traces-guerre-lorraine-4-rotated.jpg\"><img loading=\"lazy\" decoding=\"async\" width=\"1024\" height=\"1024\" src=\"https:\/\/www.alicemeyer.fr\/sitewordpress\/wp-content\/uploads\/2021\/03\/Traces-guerre-lorraine-4-1024x1024.jpg\" alt=\"\" data-id=\"640\" data-full-url=\"https:\/\/www.alicemeyer.fr\/sitewordpress\/wp-content\/uploads\/2021\/03\/Traces-guerre-lorraine-4-rotated.jpg\" data-link=\"https:\/\/www.alicemeyer.fr\/sitewordpress\/?attachment_id=640\" class=\"wp-image-640\" srcset=\"https:\/\/www.alicemeyer.fr\/sitewordpress\/wp-content\/uploads\/2021\/03\/Traces-guerre-lorraine-4-1024x1024.jpg 1024w, https:\/\/www.alicemeyer.fr\/sitewordpress\/wp-content\/uploads\/2021\/03\/Traces-guerre-lorraine-4-300x300.jpg 300w, https:\/\/www.alicemeyer.fr\/sitewordpress\/wp-content\/uploads\/2021\/03\/Traces-guerre-lorraine-4-150x150.jpg 150w, https:\/\/www.alicemeyer.fr\/sitewordpress\/wp-content\/uploads\/2021\/03\/Traces-guerre-lorraine-4-768x768.jpg 768w, https:\/\/www.alicemeyer.fr\/sitewordpress\/wp-content\/uploads\/2021\/03\/Traces-guerre-lorraine-4-1536x1536.jpg 1536w, https:\/\/www.alicemeyer.fr\/sitewordpress\/wp-content\/uploads\/2021\/03\/Traces-guerre-lorraine-4-2048x2048.jpg 2048w\" sizes=\"auto, (max-width: 1024px) 100vw, 1024px\" \/><\/a><\/figure><\/li><li class=\"blocks-gallery-item\"><figure><a href=\"https:\/\/www.alicemeyer.fr\/sitewordpress\/wp-content\/uploads\/2021\/03\/Traces-guerre-lorraine-9.jpg\"><img loading=\"lazy\" decoding=\"async\" width=\"567\" height=\"567\" src=\"https:\/\/www.alicemeyer.fr\/sitewordpress\/wp-content\/uploads\/2021\/03\/Traces-guerre-lorraine-9.jpg\" alt=\"\" data-id=\"642\" data-full-url=\"https:\/\/www.alicemeyer.fr\/sitewordpress\/wp-content\/uploads\/2021\/03\/Traces-guerre-lorraine-9.jpg\" data-link=\"https:\/\/www.alicemeyer.fr\/sitewordpress\/?attachment_id=642\" class=\"wp-image-642\" srcset=\"https:\/\/www.alicemeyer.fr\/sitewordpress\/wp-content\/uploads\/2021\/03\/Traces-guerre-lorraine-9.jpg 567w, https:\/\/www.alicemeyer.fr\/sitewordpress\/wp-content\/uploads\/2021\/03\/Traces-guerre-lorraine-9-300x300.jpg 300w, https:\/\/www.alicemeyer.fr\/sitewordpress\/wp-content\/uploads\/2021\/03\/Traces-guerre-lorraine-9-150x150.jpg 150w\" sizes=\"auto, (max-width: 567px) 100vw, 567px\" \/><\/a><\/figure><\/li><li class=\"blocks-gallery-item\"><figure><a href=\"https:\/\/www.alicemeyer.fr\/sitewordpress\/wp-content\/uploads\/2021\/03\/Traces-guerre-lorraine-10-1.jpg\"><img loading=\"lazy\" decoding=\"async\" width=\"567\" height=\"567\" src=\"https:\/\/www.alicemeyer.fr\/sitewordpress\/wp-content\/uploads\/2021\/03\/Traces-guerre-lorraine-10-1.jpg\" alt=\"Traces de la guerre en Lorraine, Alice Meyer\" data-id=\"643\" data-full-url=\"https:\/\/www.alicemeyer.fr\/sitewordpress\/wp-content\/uploads\/2021\/03\/Traces-guerre-lorraine-10-1.jpg\" data-link=\"https:\/\/www.alicemeyer.fr\/sitewordpress\/?attachment_id=643\" class=\"wp-image-643\" srcset=\"https:\/\/www.alicemeyer.fr\/sitewordpress\/wp-content\/uploads\/2021\/03\/Traces-guerre-lorraine-10-1.jpg 567w, https:\/\/www.alicemeyer.fr\/sitewordpress\/wp-content\/uploads\/2021\/03\/Traces-guerre-lorraine-10-1-300x300.jpg 300w, https:\/\/www.alicemeyer.fr\/sitewordpress\/wp-content\/uploads\/2021\/03\/Traces-guerre-lorraine-10-1-150x150.jpg 150w\" sizes=\"auto, (max-width: 567px) 100vw, 567px\" \/><\/a><\/figure><\/li><\/ul><\/figure>\n\n\n\n<div class=\"wp-block-columns is-layout-flex wp-container-core-columns-is-layout-8f761849 wp-block-columns-is-layout-flex\">\n<div class=\"wp-block-column is-layout-flow wp-block-column-is-layout-flow\">\n<div class=\"wp-block-columns is-layout-flex wp-container-core-columns-is-layout-8f761849 wp-block-columns-is-layout-flex\">\n<div class=\"wp-block-column is-layout-flow wp-block-column-is-layout-flow\">\n<figure class=\"wp-block-image size-large\"><a href=\"https:\/\/www.alicemeyer.fr\/sitewordpress\/wp-content\/uploads\/2021\/03\/Traces-guerre-lorraine-8.jpg\"><img loading=\"lazy\" decoding=\"async\" width=\"433\" height=\"567\" src=\"https:\/\/www.alicemeyer.fr\/sitewordpress\/wp-content\/uploads\/2021\/03\/Traces-guerre-lorraine-8.jpg\" alt=\"Traces de la guerre en Lorraine, Alice Meyer\" class=\"wp-image-641\" srcset=\"https:\/\/www.alicemeyer.fr\/sitewordpress\/wp-content\/uploads\/2021\/03\/Traces-guerre-lorraine-8.jpg 433w, https:\/\/www.alicemeyer.fr\/sitewordpress\/wp-content\/uploads\/2021\/03\/Traces-guerre-lorraine-8-229x300.jpg 229w, https:\/\/www.alicemeyer.fr\/sitewordpress\/wp-content\/uploads\/2021\/03\/Traces-guerre-lorraine-8-115x150.jpg 115w\" sizes=\"auto, (max-width: 433px) 100vw, 433px\" \/><\/a><\/figure>\n<\/div>\n\n\n\n<div class=\"wp-block-column is-layout-flow wp-block-column-is-layout-flow\"><\/div>\n\n\n\n<div class=\"wp-block-column is-layout-flow wp-block-column-is-layout-flow\"><\/div>\n<\/div>\n<\/div>\n<\/div>\n\n\n\n<p class=\"wp-block-paragraph\"><\/p>\n","protected":false},"excerpt":{"rendered":"<p>Au gr\u00e9 de mes ballades dans les nombreuses for\u00eats lorraines, je rel\u00e8ve les traces de la guerre qui ont remodel\u00e9 de fa\u00e7on terrible les paysages [&hellip;]<\/p>\n","protected":false},"author":1,"featured_media":0,"parent":0,"menu_order":0,"comment_status":"closed","ping_status":"closed","template":"","meta":{"_crdt_document":"","footnotes":""},"class_list":["post-634","page","type-page","status-publish","hentry"],"_links":{"self":[{"href":"https:\/\/www.alicemeyer.fr\/sitewordpress\/index.php?rest_route=\/wp\/v2\/pages\/634","targetHints":{"allow":["GET"]}}],"collection":[{"href":"https:\/\/www.alicemeyer.fr\/sitewordpress\/index.php?rest_route=\/wp\/v2\/pages"}],"about":[{"href":"https:\/\/www.alicemeyer.fr\/sitewordpress\/index.php?rest_route=\/wp\/v2\/types\/page"}],"author":[{"embeddable":true,"href":"https:\/\/www.alicemeyer.fr\/sitewordpress\/index.php?rest_route=\/wp\/v2\/users\/1"}],"replies":[{"embeddable":true,"href":"https:\/\/www.alicemeyer.fr\/sitewordpress\/index.php?rest_route=%2Fwp%2Fv2%2Fcomments&post=634"}],"version-history":[{"count":10,"href":"https:\/\/www.alicemeyer.fr\/sitewordpress\/index.php?rest_route=\/wp\/v2\/pages\/634\/revisions"}],"predecessor-version":[{"id":1748,"href":"https:\/\/www.alicemeyer.fr\/sitewordpress\/index.php?rest_route=\/wp\/v2\/pages\/634\/revisions\/1748"}],"wp:attachment":[{"href":"https:\/\/www.alicemeyer.fr\/sitewordpress\/index.php?rest_route=%2Fwp%2Fv2%2Fmedia&parent=634"}],"curies":[{"name":"wp","href":"https:\/\/api.w.org\/{rel}","templated":true}]}}

<pre class="wp-block-verse" style="font-size:14px">Au gré de mes ballades dans les nombreuses forêts lorraines, je relève les traces de la guerre qui ont remodelé de façon terrible les paysages lorrains notamment : tranchées, queues de cochon, impacts de balles, barbelés, façades de maisons... Je me poste dans les tranchées, marche dans ces sillons qu'ont connu nos aïeux, rentre en empathie avec ces soldats que la mémoire des sols, des arbres, des murs n'oublie pas. L'endroit où je me place faisant des photographies rencontre la leur. On photographie avec tout son corps et sa mémoire corporelle. </pre>



<hr class="wp-block-separator is-style-dots"/>



<figure class="wp-block-gallery columns-3 wp-block-gallery-1 is-layout-flex wp-block-gallery-is-layout-flex"><ul class="blocks-gallery-grid"><li class="blocks-gallery-item"><figure><a href="https://www.alicemeyer.fr/sitewordpress/wp-content/uploads/2021/03/Traces-guerre-lorraine-1-rotated.jpg"><img loading="lazy" decoding="async" width="1024" height="1024" src="https://www.alicemeyer.fr/sitewordpress/wp-content/uploads/2021/03/Traces-guerre-lorraine-1-1024x1024.jpg" alt="Traces de la guerre en Lorraine, Alice Meyer" data-id="635" data-full-url="https://www.alicemeyer.fr/sitewordpress/wp-content/uploads/2021/03/Traces-guerre-lorraine-1-rotated.jpg" data-link="https://www.alicemeyer.fr/sitewordpress/?attachment_id=635" class="wp-image-635" srcset="https://www.alicemeyer.fr/sitewordpress/wp-content/uploads/2021/03/Traces-guerre-lorraine-1-1024x1024.jpg 1024w, https://www.alicemeyer.fr/sitewordpress/wp-content/uploads/2021/03/Traces-guerre-lorraine-1-300x300.jpg 300w, https://www.alicemeyer.fr/sitewordpress/wp-content/uploads/2021/03/Traces-guerre-lorraine-1-150x150.jpg 150w, https://www.alicemeyer.fr/sitewordpress/wp-content/uploads/2021/03/Traces-guerre-lorraine-1-768x768.jpg 768w, https://www.alicemeyer.fr/sitewordpress/wp-content/uploads/2021/03/Traces-guerre-lorraine-1-1536x1536.jpg 1536w, https://www.alicemeyer.fr/sitewordpress/wp-content/uploads/2021/03/Traces-guerre-lorraine-1-2048x2048.jpg 2048w" sizes="auto, (max-width: 1024px) 100vw, 1024px" /></a></figure></li><li class="blocks-gallery-item"><figure><a href="https://www.alicemeyer.fr/sitewordpress/wp-content/uploads/2021/03/Traces-guerre-lorraine-2-rotated.jpg"><img loading="lazy" decoding="async" width="1024" height="1024" src="https://www.alicemeyer.fr/sitewordpress/wp-content/uploads/2021/03/Traces-guerre-lorraine-2-1024x1024.jpg" alt="Traces de la guerre en Lorraine, Alice Meyer" data-id="636" data-full-url="https://www.alicemeyer.fr/sitewordpress/wp-content/uploads/2021/03/Traces-guerre-lorraine-2-rotated.jpg" data-link="https://www.alicemeyer.fr/sitewordpress/?attachment_id=636" class="wp-image-636" srcset="https://www.alicemeyer.fr/sitewordpress/wp-content/uploads/2021/03/Traces-guerre-lorraine-2-1024x1024.jpg 1024w, https://www.alicemeyer.fr/sitewordpress/wp-content/uploads/2021/03/Traces-guerre-lorraine-2-300x300.jpg 300w, https://www.alicemeyer.fr/sitewordpress/wp-content/uploads/2021/03/Traces-guerre-lorraine-2-150x150.jpg 150w, https://www.alicemeyer.fr/sitewordpress/wp-content/uploads/2021/03/Traces-guerre-lorraine-2-768x768.jpg 768w, https://www.alicemeyer.fr/sitewordpress/wp-content/uploads/2021/03/Traces-guerre-lorraine-2-1536x1536.jpg 1536w, https://www.alicemeyer.fr/sitewordpress/wp-content/uploads/2021/03/Traces-guerre-lorraine-2-2048x2048.jpg 2048w" sizes="auto, (max-width: 1024px) 100vw, 1024px" /></a></figure></li><li class="blocks-gallery-item"><figure><a href="https://www.alicemeyer.fr/sitewordpress/wp-content/uploads/2021/03/Traces-guerre-lorraine-10.jpg"><img loading="lazy" decoding="async" width="567" height="567" src="https://www.alicemeyer.fr/sitewordpress/wp-content/uploads/2021/03/Traces-guerre-lorraine-10.jpg" alt="Traces de la guerre en Lorraine, Alice Meyer" data-id="322" data-full-url="https://www.alicemeyer.fr/sitewordpress/wp-content/uploads/2021/03/Traces-guerre-lorraine-10.jpg" data-link="https://www.alicemeyer.fr/sitewordpress/?attachment_id=322" class="wp-image-322" srcset="https://www.alicemeyer.fr/sitewordpress/wp-content/uploads/2021/03/Traces-guerre-lorraine-10.jpg 567w, https://www.alicemeyer.fr/sitewordpress/wp-content/uploads/2021/03/Traces-guerre-lorraine-10-300x300.jpg 300w, https://www.alicemeyer.fr/sitewordpress/wp-content/uploads/2021/03/Traces-guerre-lorraine-10-150x150.jpg 150w" sizes="auto, (max-width: 567px) 100vw, 567px" /></a></figure></li><li class="blocks-gallery-item"><figure><a href="https://www.alicemeyer.fr/sitewordpress/wp-content/uploads/2021/03/Traces-guerre-lorraine-4-rotated.jpg"><img loading="lazy" decoding="async" width="1024" height="1024" src="https://www.alicemeyer.fr/sitewordpress/wp-content/uploads/2021/03/Traces-guerre-lorraine-4-1024x1024.jpg" alt="" data-id="640" data-full-url="https://www.alicemeyer.fr/sitewordpress/wp-content/uploads/2021/03/Traces-guerre-lorraine-4-rotated.jpg" data-link="https://www.alicemeyer.fr/sitewordpress/?attachment_id=640" class="wp-image-640" srcset="https://www.alicemeyer.fr/sitewordpress/wp-content/uploads/2021/03/Traces-guerre-lorraine-4-1024x1024.jpg 1024w, https://www.alicemeyer.fr/sitewordpress/wp-content/uploads/2021/03/Traces-guerre-lorraine-4-300x300.jpg 300w, https://www.alicemeyer.fr/sitewordpress/wp-content/uploads/2021/03/Traces-guerre-lorraine-4-150x150.jpg 150w, https://www.alicemeyer.fr/sitewordpress/wp-content/uploads/2021/03/Traces-guerre-lorraine-4-768x768.jpg 768w, https://www.alicemeyer.fr/sitewordpress/wp-content/uploads/2021/03/Traces-guerre-lorraine-4-1536x1536.jpg 1536w, https://www.alicemeyer.fr/sitewordpress/wp-content/uploads/2021/03/Traces-guerre-lorraine-4-2048x2048.jpg 2048w" sizes="auto, (max-width: 1024px) 100vw, 1024px" /></a></figure></li><li class="blocks-gallery-item"><figure><a href="https://www.alicemeyer.fr/sitewordpress/wp-content/uploads/2021/03/Traces-guerre-lorraine-9.jpg"><img loading="lazy" decoding="async" width="567" height="567" src="https://www.alicemeyer.fr/sitewordpress/wp-content/uploads/2021/03/Traces-guerre-lorraine-9.jpg" alt="" data-id="642" data-full-url="https://www.alicemeyer.fr/sitewordpress/wp-content/uploads/2021/03/Traces-guerre-lorraine-9.jpg" data-link="https://www.alicemeyer.fr/sitewordpress/?attachment_id=642" class="wp-image-642" srcset="https://www.alicemeyer.fr/sitewordpress/wp-content/uploads/2021/03/Traces-guerre-lorraine-9.jpg 567w, https://www.alicemeyer.fr/sitewordpress/wp-content/uploads/2021/03/Traces-guerre-lorraine-9-300x300.jpg 300w, https://www.alicemeyer.fr/sitewordpress/wp-content/uploads/2021/03/Traces-guerre-lorraine-9-150x150.jpg 150w" sizes="auto, (max-width: 567px) 100vw, 567px" /></a></figure></li><li class="blocks-gallery-item"><figure><a href="https://www.alicemeyer.fr/sitewordpress/wp-content/uploads/2021/03/Traces-guerre-lorraine-10-1.jpg"><img loading="lazy" decoding="async" width="567" height="567" src="https://www.alicemeyer.fr/sitewordpress/wp-content/uploads/2021/03/Traces-guerre-lorraine-10-1.jpg" alt="Traces de la guerre en Lorraine, Alice Meyer" data-id="643" data-full-url="https://www.alicemeyer.fr/sitewordpress/wp-content/uploads/2021/03/Traces-guerre-lorraine-10-1.jpg" data-link="https://www.alicemeyer.fr/sitewordpress/?attachment_id=643" class="wp-image-643" srcset="https://www.alicemeyer.fr/sitewordpress/wp-content/uploads/2021/03/Traces-guerre-lorraine-10-1.jpg 567w, https://www.alicemeyer.fr/sitewordpress/wp-content/uploads/2021/03/Traces-guerre-lorraine-10-1-300x300.jpg 300w, https://www.alicemeyer.fr/sitewordpress/wp-content/uploads/2021/03/Traces-guerre-lorraine-10-1-150x150.jpg 150w" sizes="auto, (max-width: 567px) 100vw, 567px" /></a></figure></li></ul></figure>



<div class="wp-block-columns is-layout-flex wp-container-core-columns-is-layout-8f761849 wp-block-columns-is-layout-flex">
<div class="wp-block-column is-layout-flow wp-block-column-is-layout-flow">
<div class="wp-block-columns is-layout-flex wp-container-core-columns-is-layout-8f761849 wp-block-columns-is-layout-flex">
<div class="wp-block-column is-layout-flow wp-block-column-is-layout-flow">
<figure class="wp-block-image size-large"><a href="https://www.alicemeyer.fr/sitewordpress/wp-content/uploads/2021/03/Traces-guerre-lorraine-8.jpg"><img loading="lazy" decoding="async" width="433" height="567" src="https://www.alicemeyer.fr/sitewordpress/wp-content/uploads/2021/03/Traces-guerre-lorraine-8.jpg" alt="Traces de la guerre en Lorraine, Alice Meyer" class="wp-image-641" srcset="https://www.alicemeyer.fr/sitewordpress/wp-content/uploads/2021/03/Traces-guerre-lorraine-8.jpg 433w, https://www.alicemeyer.fr/sitewordpress/wp-content/uploads/2021/03/Traces-guerre-lorraine-8-229x300.jpg 229w, https://www.alicemeyer.fr/sitewordpress/wp-content/uploads/2021/03/Traces-guerre-lorraine-8-115x150.jpg 115w" sizes="auto, (max-width: 433px) 100vw, 433px" /></a></figure>
</div>



<div class="wp-block-column is-layout-flow wp-block-column-is-layout-flow"></div>



<div class="wp-block-column is-layout-flow wp-block-column-is-layout-flow"></div>
</div>
</div>
</div>



<p class="wp-block-paragraph"></p>

<p>Au gré de mes ballades dans les nombreuses forêts lorraines, je relève les traces de la guerre qui ont remodelé de façon terrible les paysages [&hellip;]</p>
